Last updated on 2025-10-23 17:50:54 CEST.
Flavor | Version | Tinstall | Tcheck | Ttotal | Status | Flags |
---|---|---|---|---|---|---|
r-devel-linux-x86_64-debian-clang | 1.2.6.4 | 8.33 | 55.24 | 63.57 | NOTE | |
r-devel-linux-x86_64-debian-gcc | 1.2.6.4 | 5.76 | 42.37 | 48.13 | NOTE | |
r-devel-linux-x86_64-fedora-clang | 1.2.6.4 | 18.00 | 78.84 | 96.84 | OK | |
r-devel-linux-x86_64-fedora-gcc | 1.2.6.4 | 17.00 | 73.37 | 90.37 | OK | |
r-devel-windows-x86_64 | 1.2.6.4 | 11.00 | 67.00 | 78.00 | OK | |
r-patched-linux-x86_64 | 1.2.6.4 | 6.81 | 53.45 | 60.26 | OK | |
r-release-linux-x86_64 | 1.2.6.4 | 7.30 | 53.41 | 60.71 | OK | |
r-release-macos-arm64 | 1.2.6.4 | 5.00 | 29.00 | 34.00 | OK | |
r-release-macos-x86_64 | 1.2.6.4 | 10.00 | 47.00 | 57.00 | OK | |
r-release-windows-x86_64 | 1.2.6.4 | 10.00 | 68.00 | 78.00 | OK | |
r-oldrel-macos-arm64 | 1.2.6.4 | 5.00 | 27.00 | 32.00 | OK | |
r-oldrel-macos-x86_64 | 1.2.6.4 | 12.00 | 54.00 | 66.00 | OK | |
r-oldrel-windows-x86_64 | 1.2.6.4 | 13.00 | 82.00 | 95.00 | OK |
Version: 1.2.6.4
Check: CRAN incoming feasibility
Result: NOTE
Maintainer: ‘David Winsemius <dwinsemius@comcast.net>’
No Authors@R field in DESCRIPTION.
Please add one, modifying
Authors@R: c(person(given = c("S", "original", "by", "Kenneth"),
family = "Hess",
role = "aut"),
person(given = c("R", "port", "by", "R."),
family = "Gentleman",
role = "aut"),
person(given = "David",
family = "Winsemius",
role = "cre",
email = "dwinsemius@comcast.net"))
as necessary.
Flavors: r-devel-linux-x86_64-debian-clang, r-devel-linux-x86_64-debian-gcc
These binaries (installable software) and packages are in development.
They may not be fully stable and should be used with caution. We make no claims about them.