Last updated on 2025-11-11 15:50:40 CET.
| Flavor | Version | Tinstall | Tcheck | Ttotal | Status | Flags |
|---|---|---|---|---|---|---|
| r-devel-linux-x86_64-debian-clang | 1.0 | 8.51 | 81.27 | 89.78 | OK | |
| r-devel-linux-x86_64-debian-gcc | 1.0 | 6.66 | 58.38 | 65.04 | OK | |
| r-devel-linux-x86_64-fedora-clang | 1.0 | 32.00 | 108.37 | 140.37 | OK | |
| r-devel-linux-x86_64-fedora-gcc | 1.0 | 19.00 | 108.41 | 127.41 | OK | |
| r-devel-windows-x86_64 | 1.0 | 12.00 | 82.00 | 94.00 | OK | |
| r-patched-linux-x86_64 | 1.0 | 8.31 | 75.69 | 84.00 | OK | |
| r-release-linux-x86_64 | 1.0 | 7.10 | 74.16 | 81.26 | OK | |
| r-release-macos-arm64 | 1.0 | 4.00 | 38.00 | 42.00 | OK | |
| r-release-macos-x86_64 | 1.0 | 7.00 | 69.00 | 76.00 | OK | |
| r-release-windows-x86_64 | 1.0 | 10.00 | 83.00 | 93.00 | OK | |
| r-oldrel-macos-arm64 | 1.0 | 4.00 | 36.00 | 40.00 | OK | |
| r-oldrel-macos-x86_64 | 1.0 | 6.00 | 67.00 | 73.00 | OK | |
| r-oldrel-windows-x86_64 | 1.0 | 1.00 | 10.00 | 11.00 | ERROR |
Version: 1.0
Check: package dependencies
Result: ERROR
Package required but not available: 'OpenMx'
See section 'The DESCRIPTION file' in the 'Writing R Extensions'
manual.
Flavor: r-oldrel-windows-x86_64
These binaries (installable software) and packages are in development.
They may not be fully stable and should be used with caution. We make no claims about them.