CRAN Package Check Results for Package mulgar

Last updated on 2025-05-01 08:52:39 CEST.

Flavor Version Tinstall Tcheck Ttotal Status Flags
r-devel-linux-x86_64-debian-clang 1.0.5 7.20 49.72 56.92 NOTE
r-devel-linux-x86_64-debian-gcc 1.0.5 4.70 36.42 41.12 OK
r-devel-linux-x86_64-fedora-clang 1.0.5 85.55 OK
r-devel-linux-x86_64-fedora-gcc 1.0.5 87.53 OK
r-devel-windows-x86_64 1.0.5 8.00 81.00 89.00 OK
r-patched-linux-x86_64 1.0.5 6.61 47.32 53.93 OK
r-release-linux-x86_64 OK
r-release-macos-arm64 1.0.5 34.00 OK
r-release-macos-x86_64 1.0.5 67.00 OK
r-release-windows-x86_64 1.0.5 8.00 84.00 92.00 OK
r-oldrel-macos-arm64 1.0.5 41.00 OK
r-oldrel-macos-x86_64 1.0.5 70.00 OK
r-oldrel-windows-x86_64 1.0.5 9.00 94.00 103.00 OK

Check Details

Version: 1.0.5
Check: examples
Result: NOTE Examples with CPU (user + system) or elapsed time > 5s user system elapsed ggmcbic 3.286 0.035 5.062 Flavor: r-devel-linux-x86_64-debian-clang

These binaries (installable software) and packages are in development.
They may not be fully stable and should be used with caution. We make no claims about them.