Last updated on 2025-05-01 15:49:37 CEST.
Flavor | Version | Tinstall | Tcheck | Ttotal | Status | Flags |
---|---|---|---|---|---|---|
r-devel-linux-x86_64-debian-clang | 1.0.0 | 1.78 | 19.83 | 21.61 | NOTE | |
r-devel-linux-x86_64-debian-gcc | 1.0.0 | 1.37 | 16.74 | 18.11 | NOTE | |
r-devel-linux-x86_64-fedora-clang | 1.0.0 | 32.36 | OK | |||
r-devel-linux-x86_64-fedora-gcc | 1.0.0 | 32.94 | OK | |||
r-devel-windows-x86_64 | 1.0.0 | 3.00 | 43.00 | 46.00 | OK | |
r-patched-linux-x86_64 | 1.0.0 | 1.67 | 18.20 | 19.87 | OK | |
r-release-linux-x86_64 | OK | |||||
r-release-macos-arm64 | 1.0.0 | 18.00 | OK | |||
r-release-macos-x86_64 | 1.0.0 | 29.00 | OK | |||
r-release-windows-x86_64 | 1.0.0 | 2.00 | 45.00 | 47.00 | OK | |
r-oldrel-macos-arm64 | 1.0.0 | 16.00 | OK | |||
r-oldrel-macos-x86_64 | 1.0.0 | 22.00 | OK | |||
r-oldrel-windows-x86_64 | 1.0.0 | 3.00 | 42.00 | 45.00 | OK |
Version: 1.0.0
Check: CRAN incoming feasibility
Result: NOTE
Maintainer: ‘Ivan Tomic <info@ivantomic.com>’
Package CITATION file contains call(s) to old-style personList() or
as.personList(). Please use c() on person objects instead.
Package CITATION file contains call(s) to old-style citEntry(). Please
use bibentry() instead.
Found the following \keyword or \concept entries
which likely give several index terms:
File ‘intersection.Rd’:
\keyword{intersect,}
File ‘mulset.Rd’:
\keyword{intersection,}
\keyword{mulset,}
Flavors: r-devel-linux-x86_64-debian-clang, r-devel-linux-x86_64-debian-gcc
These binaries (installable software) and packages are in development.
They may not be fully stable and should be used with caution. We make no claims about them.