CRAN Package Check Results for Package multbxxc

Last updated on 2025-10-23 21:51:33 CEST.

Flavor Version Tinstall Tcheck Ttotal Status Flags
r-devel-linux-x86_64-debian-clang 1.0.3 25.02 34.76 59.78 NOTE
r-devel-linux-x86_64-debian-gcc 1.0.3 18.73 25.64 44.37 NOTE
r-devel-linux-x86_64-fedora-clang 1.0.3 54.00 48.61 102.61 OK
r-devel-linux-x86_64-fedora-gcc 1.0.3 68.00 35.87 103.87 OK
r-devel-windows-x86_64 1.0.3 33.00 67.00 100.00 OK
r-patched-linux-x86_64 1.0.3 30.53 33.01 63.54 OK
r-release-linux-x86_64 1.0.3 26.26 32.85 59.11 OK
r-release-macos-arm64 1.0.3 11.00 20.00 31.00 OK
r-release-macos-x86_64 1.0.3 17.00 34.00 51.00 OK
r-release-windows-x86_64 1.0.3 33.00 70.00 103.00 OK
r-oldrel-macos-arm64 1.0.3 13.00 21.00 34.00 OK
r-oldrel-macos-x86_64 1.0.3 29.00 49.00 78.00 OK
r-oldrel-windows-x86_64 1.0.3 38.00 86.00 124.00 OK

Check Details

Version: 1.0.3
Check: CRAN incoming feasibility
Result: NOTE Maintainer: ‘Serguei Sokol <sokol@insa-toulouse.fr>’ No Authors@R field in DESCRIPTION. Please add one, modifying Authors@R: person(given = "Serguei", family = "Sokol", role = c("aut", "cre"), email = "sokol@insa-toulouse.fr") as necessary. Flavors: r-devel-linux-x86_64-debian-clang, r-devel-linux-x86_64-debian-gcc

Version: 1.0.3
Check: HTML version of manual
Result: NOTE Found the following HTML validation problems: jrhs_ff.html:54:1 (jrhs_ff.Rd:14): Warning: missing </ul> before </div> Flavor: r-devel-linux-x86_64-debian-clang

These binaries (installable software) and packages are in development.
They may not be fully stable and should be used with caution. We make no claims about them.