CRAN Package Check Results for Package multiAssetOptions

Last updated on 2025-11-14 09:50:09 CET.

Flavor Version Tinstall Tcheck Ttotal Status Flags
r-devel-linux-x86_64-debian-clang 0.1-2 2.36 32.80 35.16 NOTE
r-devel-linux-x86_64-debian-gcc 0.1-2 2.55 24.39 26.94 NOTE
r-devel-linux-x86_64-fedora-clang 0.1-2 56.35 OK
r-devel-linux-x86_64-fedora-gcc 0.1-2 52.09 OK
r-devel-windows-x86_64 0.1-2 4.00 50.00 54.00 OK
r-patched-linux-x86_64 0.1-2 3.41 30.70 34.11 OK
r-release-linux-x86_64 0.1-2 2.83 31.05 33.88 OK
r-release-macos-arm64 0.1-2 2.00 21.00 23.00 OK
r-release-macos-x86_64 0.1-2 3.00 31.00 34.00 OK
r-release-windows-x86_64 0.1-2 4.00 50.00 54.00 OK
r-oldrel-macos-arm64 0.1-2 2.00 19.00 21.00 OK
r-oldrel-macos-x86_64 0.1-2 3.00 29.00 32.00 OK
r-oldrel-windows-x86_64 0.1-2 6.00 59.00 65.00 OK

Check Details

Version: 0.1-2
Check: CRAN incoming feasibility
Result: NOTE Maintainer: ‘Michael Eichenberger <mike.eichenberger@gmail.com>’ No Authors@R field in DESCRIPTION. Please add one, modifying Authors@R: c(person(given = "Michael", family = "Eichenberger", role = c("aut", "cre"), email = "mike.eichenberger@gmail.com"), person(given = "Carlo", family = "Rosa", role = "aut")) as necessary. Flavors: r-devel-linux-x86_64-debian-clang, r-devel-linux-x86_64-debian-gcc

These binaries (installable software) and packages are in development.
They may not be fully stable and should be used with caution. We make no claims about them.