Last updated on 2025-10-25 05:50:09 CEST.
| Flavor | Version | Tinstall | Tcheck | Ttotal | Status | Flags |
|---|---|---|---|---|---|---|
| r-devel-linux-x86_64-debian-clang | 0.1.0 | 9.19 | 74.10 | 83.29 | NOTE | |
| r-devel-linux-x86_64-debian-gcc | 0.1.0 | 6.81 | 56.75 | 63.56 | NOTE | |
| r-devel-linux-x86_64-fedora-clang | 0.1.0 | 26.00 | 104.24 | 130.24 | OK | |
| r-devel-linux-x86_64-fedora-gcc | 0.1.0 | 19.00 | 105.84 | 124.84 | OK | |
| r-devel-windows-x86_64 | 0.1.0 | 10.00 | 84.00 | 94.00 | OK | |
| r-patched-linux-x86_64 | 0.1.0 | 8.38 | 71.48 | 79.86 | OK | |
| r-release-linux-x86_64 | 0.1.0 | 7.93 | 73.19 | 81.12 | OK | |
| r-release-macos-arm64 | 0.1.0 | 4.00 | 36.00 | 40.00 | OK | |
| r-release-macos-x86_64 | 0.1.0 | 11.00 | 78.00 | 89.00 | OK | |
| r-release-windows-x86_64 | 0.1.0 | 10.00 | 83.00 | 93.00 | OK | |
| r-oldrel-macos-arm64 | 0.1.0 | 6.00 | 43.00 | 49.00 | OK | |
| r-oldrel-macos-x86_64 | 0.1.0 | 8.00 | 56.00 | 64.00 | OK | |
| r-oldrel-windows-x86_64 | 0.1.0 | 13.00 | 102.00 | 115.00 | OK |
Version: 0.1.0
Check: CRAN incoming feasibility
Result: NOTE
Maintainer: ‘Lukasz Smaga <ls@amu.edu.pl>’
The Description field contains
data (Munko et al., 2023, <arXiv:2306.15259>). These procedures enable
Please refer to arXiv e-prints via their arXiv DOI <doi:10.48550/arXiv.YYMM.NNNNN>.
Flavors: r-devel-linux-x86_64-debian-clang, r-devel-linux-x86_64-debian-gcc
These binaries (installable software) and packages are in development.
They may not be fully stable and should be used with caution. We make no claims about them.