Last updated on 2025-10-23 21:51:34 CEST.
Flavor | Version | Tinstall | Tcheck | Ttotal | Status | Flags |
---|---|---|---|---|---|---|
r-devel-linux-x86_64-debian-clang | 1.2.3 | 2.81 | 33.64 | 36.45 | NOTE | |
r-devel-linux-x86_64-debian-gcc | 1.2.3 | 2.42 | 24.36 | 26.78 | OK | |
r-devel-linux-x86_64-fedora-clang | 1.2.3 | 56.87 | OK | |||
r-devel-linux-x86_64-fedora-gcc | 1.2.3 | 52.56 | OK | |||
r-devel-windows-x86_64 | 1.2.3 | 4.00 | 55.00 | 59.00 | OK | |
r-patched-linux-x86_64 | 1.2.3 | 3.69 | 31.94 | 35.63 | OK | |
r-release-linux-x86_64 | 1.2.3 | 3.09 | 31.53 | 34.62 | OK | |
r-release-macos-arm64 | 1.2.3 | 2.00 | 22.00 | 24.00 | OK | |
r-release-macos-x86_64 | 1.2.3 | 3.00 | 43.00 | 46.00 | OK | |
r-release-windows-x86_64 | 1.2.3 | 4.00 | 55.00 | 59.00 | OK | |
r-oldrel-macos-arm64 | 1.2.3 | 2.00 | 17.00 | 19.00 | OK | |
r-oldrel-macos-x86_64 | 1.2.3 | 2.00 | 26.00 | 28.00 | OK | |
r-oldrel-windows-x86_64 | 1.2.3 | 6.00 | 70.00 | 76.00 | OK |
Version: 1.2.3
Check: HTML version of manual
Result: NOTE
Found the following HTML validation problems:
small2other.html:90:1 (small2other.Rd:35): Warning: missing </ul> before </div>
Flavor: r-devel-linux-x86_64-debian-clang
These binaries (installable software) and packages are in development.
They may not be fully stable and should be used with caution. We make no claims about them.