Last updated on 2025-05-08 04:52:11 CEST.
Flavor | Version | Tinstall | Tcheck | Ttotal | Status | Flags |
---|---|---|---|---|---|---|
r-devel-linux-x86_64-debian-clang | 1.7 | 14.34 | 379.48 | 393.82 | OK | |
r-devel-linux-x86_64-debian-gcc | 1.7 | 8.91 | 283.90 | 292.81 | OK | |
r-devel-linux-x86_64-fedora-clang | 1.7 | 595.31 | OK | |||
r-devel-linux-x86_64-fedora-gcc | 1.7 | 665.79 | OK | |||
r-devel-windows-x86_64 | 1.7 | 15.00 | 568.00 | 583.00 | OK | |
r-patched-linux-x86_64 | 1.7 | 13.91 | 380.94 | 394.85 | OK | |
r-release-linux-x86_64 | 1.7 | 13.40 | 380.43 | 393.83 | OK | |
r-release-macos-arm64 | 1.7 | 166.00 | OK | |||
r-release-macos-x86_64 | 1.7 | 388.00 | OK | |||
r-release-windows-x86_64 | 1.7 | 15.00 | 571.00 | 586.00 | OK | |
r-oldrel-macos-arm64 | 1.7 | 236.00 | NOTE | |||
r-oldrel-macos-x86_64 | 1.7 | 445.00 | OK | |||
r-oldrel-windows-x86_64 | 1.7 | 20.00 | 683.00 | 703.00 | OK |
Version: 1.7
Check: installed package size
Result: NOTE
installed size is 5.0Mb
sub-directories of 1Mb or more:
data 4.4Mb
Flavor: r-oldrel-macos-arm64
These binaries (installable software) and packages are in development.
They may not be fully stable and should be used with caution. We make no claims about them.