Last updated on 2025-02-16 08:50:55 CET.
Flavor | Version | Tinstall | Tcheck | Ttotal | Status | Flags |
---|---|---|---|---|---|---|
r-devel-linux-x86_64-debian-clang | 1.2.0 | 12.01 | 256.06 | 268.07 | NOTE | |
r-devel-linux-x86_64-debian-gcc | 1.2.0 | 7.96 | 147.38 | 155.34 | NOTE | |
r-devel-linux-x86_64-fedora-clang | 1.2.0 | 490.84 | NOTE | |||
r-devel-linux-x86_64-fedora-gcc | 1.2.0 | 477.81 | NOTE | |||
r-devel-macos-arm64 | 1.2.0 | 118.00 | NOTE | |||
r-devel-macos-x86_64 | 1.2.0 | 307.00 | NOTE | |||
r-devel-windows-x86_64 | 1.2.0 | 15.00 | 241.00 | 256.00 | NOTE | |
r-patched-linux-x86_64 | 1.2.0 | 10.69 | 240.52 | 251.21 | NOTE | |
r-release-linux-x86_64 | 1.2.0 | 9.85 | 240.29 | 250.14 | NOTE | |
r-release-macos-arm64 | 1.2.0 | 110.00 | NOTE | |||
r-release-macos-x86_64 | 1.2.0 | 180.00 | NOTE | |||
r-release-windows-x86_64 | 1.2.0 | 16.00 | 238.00 | 254.00 | NOTE | |
r-oldrel-macos-arm64 | 1.2.0 | 134.00 | NOTE | |||
r-oldrel-macos-x86_64 | 1.2.0 | 223.00 | NOTE | |||
r-oldrel-windows-x86_64 | 1.2.0 | 19.00 | 309.00 | 328.00 | NOTE |
Version: 1.2.0
Check: C++ specification
Result: NOTE
Specified C++11: please drop specification unless essential
Flavors: r-devel-linux-x86_64-debian-clang, r-devel-linux-x86_64-debian-gcc, r-devel-linux-x86_64-fedora-clang, r-devel-linux-x86_64-fedora-gcc, r-devel-macos-arm64, r-devel-macos-x86_64, r-devel-windows-x86_64, r-patched-linux-x86_64, r-release-linux-x86_64, r-release-macos-arm64, r-release-macos-x86_64, r-release-windows-x86_64, r-oldrel-macos-arm64, r-oldrel-macos-x86_64, r-oldrel-windows-x86_64
These binaries (installable software) and packages are in development.
They may not be fully stable and should be used with caution. We make no claims about them.