CRAN Package Check Results for Package multibridge

Last updated on 2025-10-23 15:50:01 CEST.

Flavor Version Tinstall Tcheck Ttotal Status Flags
r-devel-linux-x86_64-debian-clang 1.2.0 11.22 273.14 284.36 NOTE
r-devel-linux-x86_64-debian-gcc 1.2.0 7.85 158.33 166.18 NOTE
r-devel-linux-x86_64-fedora-clang 1.2.0 43.00 465.53 508.53 NOTE
r-devel-linux-x86_64-fedora-gcc 1.2.0 20.00 467.85 487.85 NOTE
r-devel-windows-x86_64 1.2.0 16.00 249.00 265.00 NOTE
r-patched-linux-x86_64 1.2.0 10.61 257.19 267.80 NOTE
r-release-linux-x86_64 1.2.0 10.22 254.95 265.17 NOTE
r-release-macos-arm64 1.2.0 8.00 120.00 128.00 NOTE
r-release-macos-x86_64 1.2.0 14.00 282.00 296.00 NOTE
r-release-windows-x86_64 1.2.0 18.00 250.00 268.00 NOTE
r-oldrel-macos-arm64 1.2.0 7.00 103.00 110.00 NOTE
r-oldrel-macos-x86_64 1.2.0 9.00 171.00 180.00 NOTE
r-oldrel-windows-x86_64 1.2.0 20.00 328.00 348.00 NOTE

Check Details

Version: 1.2.0
Check: CRAN incoming feasibility
Result: NOTE Maintainer: ‘Alexandra Sarafoglou <alexandra.sarafoglou@gmail.com>’ Package CITATION file contains call(s) to old-style citEntry(). Please use bibentry() instead. Flavors: r-devel-linux-x86_64-debian-clang, r-devel-linux-x86_64-debian-gcc

Version: 1.2.0
Check: C++ specification
Result: NOTE Specified C++11: please drop specification unless essential Flavors: r-devel-linux-x86_64-debian-clang, r-devel-linux-x86_64-debian-gcc, r-devel-linux-x86_64-fedora-clang, r-devel-linux-x86_64-fedora-gcc, r-devel-windows-x86_64, r-patched-linux-x86_64, r-release-linux-x86_64, r-release-macos-arm64, r-release-macos-x86_64, r-release-windows-x86_64, r-oldrel-macos-arm64, r-oldrel-macos-x86_64, r-oldrel-windows-x86_64

These binaries (installable software) and packages are in development.
They may not be fully stable and should be used with caution. We make no claims about them.