CRAN Package Check Results for Package multicastR

Last updated on 2025-02-16 08:50:55 CET.

Flavor Version Tinstall Tcheck Ttotal Status Flags
r-devel-linux-x86_64-debian-clang 2.0.0 1.62 17.46 19.08 OK
r-devel-linux-x86_64-debian-gcc 2.0.0 1.43 14.47 15.90 OK
r-devel-linux-x86_64-fedora-clang 2.0.0 31.32 OK
r-devel-linux-x86_64-fedora-gcc 2.0.0 30.92 OK
r-devel-macos-arm64 2.0.0 16.00 OK
r-devel-macos-x86_64 2.0.0 44.00 OK
r-devel-windows-x86_64 2.0.0 2.00 45.00 47.00 OK
r-patched-linux-x86_64 2.0.0 1.75 16.75 18.50 NOTE
r-release-linux-x86_64 2.0.0 1.67 16.79 18.46 NOTE
r-release-macos-arm64 2.0.0 14.00 NOTE
r-release-macos-x86_64 2.0.0 26.00 NOTE
r-release-windows-x86_64 2.0.0 2.00 36.00 38.00 NOTE
r-oldrel-macos-arm64 2.0.0 14.00 NOTE
r-oldrel-macos-x86_64 2.0.0 18.00 NOTE
r-oldrel-windows-x86_64 2.0.0 3.00 37.00 40.00 NOTE

Check Details

Version: 2.0.0
Check: LazyData
Result: NOTE 'LazyData' is specified without a 'data' directory Flavors: r-patched-linux-x86_64, r-release-linux-x86_64, r-release-macos-arm64, r-release-macos-x86_64, r-release-windows-x86_64, r-oldrel-macos-arm64, r-oldrel-macos-x86_64, r-oldrel-windows-x86_64

These binaries (installable software) and packages are in development.
They may not be fully stable and should be used with caution. We make no claims about them.