Last updated on 2025-07-19 13:50:18 CEST.
Flavor | Version | Tinstall | Tcheck | Ttotal | Status | Flags |
---|---|---|---|---|---|---|
r-devel-linux-x86_64-debian-clang | 1.0.1 | 17.86 | 27.43 | 45.29 | NOTE | |
r-devel-linux-x86_64-debian-gcc | 1.0.1 | 13.06 | 21.92 | 34.98 | NOTE | |
r-devel-linux-x86_64-fedora-clang | 1.0.1 | 81.49 | OK | |||
r-devel-linux-x86_64-fedora-gcc | 1.0.1 | 74.71 | OK | |||
r-devel-windows-x86_64 | 1.0.1 | 22.00 | 63.00 | 85.00 | OK | |
r-patched-linux-x86_64 | 1.0.1 | 18.21 | 27.31 | 45.52 | OK | |
r-release-linux-x86_64 | 1.0.1 | 16.56 | 26.40 | 42.96 | OK | |
r-release-macos-arm64 | 1.0.1 | 27.00 | OK | |||
r-release-macos-x86_64 | 1.0.1 | 44.00 | OK | |||
r-release-windows-x86_64 | 1.0.1 | 23.00 | 64.00 | 87.00 | OK | |
r-oldrel-macos-arm64 | 1.0.1 | 29.00 | OK | |||
r-oldrel-macos-x86_64 | 1.0.1 | 36.00 | OK | |||
r-oldrel-windows-x86_64 | 1.0.1 | 23.00 | 77.00 | 100.00 | OK |
Version: 1.0.1
Check: CRAN incoming feasibility
Result: NOTE
Maintainer: ‘James Curran <j.curran@auckland.ac.nz>’
No Authors@R field in DESCRIPTION.
Please add one, modifying
Authors@R: c(person(given = "James",
family = "Curran",
role = c("aut", "cre"),
email = "j.curran@auckland.ac.nz"),
person(given = "Aaron",
family = "Williams",
role = "aut"),
person(given = "Jerome",
family = "Kelleher",
role = "aut"),
person(given = "Dave",
family = "Barber",
role = "aut"))
as necessary.
Flavors: r-devel-linux-x86_64-debian-clang, r-devel-linux-x86_64-debian-gcc
These binaries (installable software) and packages are in development.
They may not be fully stable and should be used with caution. We make no claims about them.