CRAN Package Check Results for Package multicool

Last updated on 2025-11-12 23:50:50 CET.

Flavor Version Tinstall Tcheck Ttotal Status Flags
r-devel-linux-x86_64-debian-clang 1.0.1 15.86 28.69 44.55 NOTE
r-devel-linux-x86_64-debian-gcc 1.0.1 13.54 22.47 36.01 NOTE
r-devel-linux-x86_64-fedora-clang 1.0.1 33.00 44.12 77.12 OK
r-devel-linux-x86_64-fedora-gcc 1.0.1 38.00 36.11 74.11 OK
r-devel-windows-x86_64 1.0.1 22.00 62.00 84.00 OK
r-patched-linux-x86_64 1.0.1 16.90 27.15 44.05 OK
r-release-linux-x86_64 1.0.1 18.73 27.16 45.89 OK
r-release-macos-arm64 1.0.1 8.00 19.00 27.00 OK
r-release-macos-x86_64 1.0.1 15.00 29.00 44.00 OK
r-release-windows-x86_64 1.0.1 25.00 63.00 88.00 OK
r-oldrel-macos-arm64 1.0.1 7.00 22.00 29.00 OK
r-oldrel-macos-x86_64 1.0.1 13.00 23.00 36.00 OK
r-oldrel-windows-x86_64 1.0.1 23.00 73.00 96.00 OK

Check Details

Version: 1.0.1
Check: CRAN incoming feasibility
Result: NOTE Maintainer: ‘James Curran <j.curran@auckland.ac.nz>’ No Authors@R field in DESCRIPTION. Please add one, modifying Authors@R: c(person(given = "James", family = "Curran", role = c("aut", "cre"), email = "j.curran@auckland.ac.nz"), person(given = "Aaron", family = "Williams", role = "aut"), person(given = "Jerome", family = "Kelleher", role = "aut"), person(given = "Dave", family = "Barber", role = "aut")) as necessary. Flavors: r-devel-linux-x86_64-debian-clang, r-devel-linux-x86_64-debian-gcc

These binaries (installable software) and packages are in development.
They may not be fully stable and should be used with caution. We make no claims about them.