Last updated on 2025-05-01 14:49:15 CEST.
Flavor | Version | Tinstall | Tcheck | Ttotal | Status | Flags |
---|---|---|---|---|---|---|
r-devel-linux-x86_64-debian-clang | 1.0.0 | 3.86 | 60.99 | 64.85 | NOTE | |
r-devel-linux-x86_64-debian-gcc | 1.0.0 | 3.28 | 44.45 | 47.73 | OK | |
r-devel-linux-x86_64-fedora-clang | 1.0.0 | 109.61 | OK | |||
r-devel-linux-x86_64-fedora-gcc | 1.0.0 | 114.22 | OK | |||
r-devel-windows-x86_64 | 1.0.0 | 7.00 | 92.00 | 99.00 | OK | |
r-patched-linux-x86_64 | 1.0.0 | 4.14 | 57.96 | 62.10 | OK | |
r-release-linux-x86_64 | OK | |||||
r-release-macos-arm64 | 1.0.0 | 40.00 | OK | |||
r-release-macos-x86_64 | 1.0.0 | 71.00 | OK | |||
r-release-windows-x86_64 | 1.0.0 | 7.00 | 85.00 | 92.00 | OK | |
r-oldrel-macos-arm64 | 1.0.0 | 43.00 | OK | |||
r-oldrel-macos-x86_64 | 1.0.0 | 62.00 | OK | |||
r-oldrel-windows-x86_64 | 1.0.0 | 7.00 | 102.00 | 109.00 | OK |
Version: 1.0.0
Check: examples
Result: NOTE
Examples with CPU (user + system) or elapsed time > 5s
user system elapsed
plot_ddsc 3.701 0.239 5.067
Flavor: r-devel-linux-x86_64-debian-clang
These binaries (installable software) and packages are in development.
They may not be fully stable and should be used with caution. We make no claims about them.