Last updated on 2025-10-23 23:49:37 CEST.
Flavor | Version | Tinstall | Tcheck | Ttotal | Status | Flags |
---|---|---|---|---|---|---|
r-devel-linux-x86_64-debian-clang | 0.1.1 | 4.73 | 52.96 | 57.69 | NOTE | |
r-devel-linux-x86_64-debian-gcc | 0.1.1 | 2.79 | 37.96 | 40.75 | NOTE | |
r-devel-linux-x86_64-fedora-clang | 0.1.1 | 16.00 | 74.81 | 90.81 | OK | |
r-devel-linux-x86_64-fedora-gcc | 0.1.1 | 11.00 | 74.56 | 85.56 | OK | |
r-devel-windows-x86_64 | 0.1.1 | 7.00 | 64.00 | 71.00 | OK | |
r-patched-linux-x86_64 | 0.1.1 | 5.42 | 48.66 | 54.08 | OK | |
r-release-linux-x86_64 | 0.1.1 | 5.26 | 50.01 | 55.27 | OK | |
r-release-macos-arm64 | 0.1.1 | 3.00 | 24.00 | 27.00 | OK | |
r-release-macos-x86_64 | 0.1.1 | 7.00 | 47.00 | 54.00 | OK | |
r-release-windows-x86_64 | 0.1.1 | 8.00 | 65.00 | 73.00 | OK | |
r-oldrel-macos-arm64 | 0.1.1 | 2.00 | 25.00 | 27.00 | OK | |
r-oldrel-macos-x86_64 | 0.1.1 | 4.00 | 35.00 | 39.00 | OK | |
r-oldrel-windows-x86_64 | 0.1.1 | 9.00 | 79.00 | 88.00 | OK |
Version: 0.1.1
Check: CRAN incoming feasibility
Result: NOTE
Maintainer: ‘Alexander Volkmann <alexandervolkmann8@gmail.com>’
The Description field contains
(multiFAMM), see Volkmann et al. (2021, <arXiv:2103.06606>). It builds
Please refer to arXiv e-prints via their arXiv DOI <doi:10.48550/arXiv.YYMM.NNNNN>.
Flavors: r-devel-linux-x86_64-debian-clang, r-devel-linux-x86_64-debian-gcc
Version: 0.1.1
Check: HTML version of manual
Result: NOTE
Found the following HTML validation problems:
compute_var.html:63:1 (compute_var.Rd:19): Warning: missing </ul> before </div>
extract_var_info.html:49:1 (extract_var_info.Rd:11): Warning: missing </ul> before </div>
prepare_mfpca.html:59:1 (prepare_mfpca.Rd:17): Warning: missing </ul> before </div>
prune_mfpc.html:83:1 (prune_mfpc.Rd:30): Warning: missing </ul> before </div>
refit_for_weights.html:56:1 (refit_for_weights.Rd:14): Warning: missing </ul> before </div>
Flavor: r-devel-linux-x86_64-debian-clang
These binaries (installable software) and packages are in development.
They may not be fully stable and should be used with caution. We make no claims about them.