CRAN Package Check Results for Package multifamm

Last updated on 2025-05-08 04:52:11 CEST.

Flavor Version Tinstall Tcheck Ttotal Status Flags
r-devel-linux-x86_64-debian-clang 0.1.1 5.35 49.75 55.10 NOTE
r-devel-linux-x86_64-debian-gcc 0.1.1 3.60 35.04 38.64 NOTE
r-devel-linux-x86_64-fedora-clang 0.1.1 91.21 OK
r-devel-linux-x86_64-fedora-gcc 0.1.1 80.73 OK
r-devel-windows-x86_64 0.1.1 8.00 65.00 73.00 OK
r-patched-linux-x86_64 0.1.1 5.29 47.83 53.12 OK
r-release-linux-x86_64 0.1.1 5.45 47.74 53.19 OK
r-release-macos-arm64 0.1.1 27.00 OK
r-release-macos-x86_64 0.1.1 54.00 OK
r-release-windows-x86_64 0.1.1 7.00 63.00 70.00 OK
r-oldrel-macos-arm64 0.1.1 27.00 OK
r-oldrel-macos-x86_64 0.1.1 39.00 OK
r-oldrel-windows-x86_64 0.1.1 10.00 77.00 87.00 OK

Check Details

Version: 0.1.1
Check: CRAN incoming feasibility
Result: NOTE Maintainer: ‘Alexander Volkmann <alexandervolkmann8@gmail.com>’ The Description field contains (multiFAMM), see Volkmann et al. (2021, <arXiv:2103.06606>). It builds Please refer to arXiv e-prints via their arXiv DOI <doi:10.48550/arXiv.YYMM.NNNNN>. Flavors: r-devel-linux-x86_64-debian-clang, r-devel-linux-x86_64-debian-gcc

These binaries (installable software) and packages are in development.
They may not be fully stable and should be used with caution. We make no claims about them.