CRAN Package Check Results for Package multifunc

Last updated on 2025-05-08 04:52:11 CEST.

Flavor Version Tinstall Tcheck Ttotal Status Flags
r-devel-linux-x86_64-debian-clang 0.9.4 2.43 63.55 65.98 NOTE
r-devel-linux-x86_64-debian-gcc 0.9.4 2.08 43.13 45.21 NOTE
r-devel-linux-x86_64-fedora-clang 0.9.4 103.47 OK
r-devel-linux-x86_64-fedora-gcc 0.9.4 252.74 OK
r-devel-windows-x86_64 0.9.4 4.00 83.00 87.00 OK
r-patched-linux-x86_64 0.9.4 3.23 60.59 63.82 OK
r-release-linux-x86_64 0.9.4 2.50 61.56 64.06 OK
r-release-macos-arm64 0.9.4 58.00 OK
r-release-macos-x86_64 0.9.4 181.00 OK
r-release-windows-x86_64 0.9.4 5.00 79.00 84.00 OK
r-oldrel-macos-arm64 0.9.4 66.00 OK
r-oldrel-macos-x86_64 0.9.4 109.00 OK
r-oldrel-windows-x86_64 0.9.4 5.00 95.00 100.00 OK

Check Details

Version: 0.9.4
Check: CRAN incoming feasibility
Result: NOTE Maintainer: ‘Jarrett Byrnes <jarrett.byrnes@umb.edu>’ Package CITATION file contains call(s) to old-style personList() or as.personList(). Please use c() on person objects instead. Package CITATION file contains call(s) to old-style citEntry(). Please use bibentry() instead. Flavors: r-devel-linux-x86_64-debian-clang, r-devel-linux-x86_64-debian-gcc

These binaries (installable software) and packages are in development.
They may not be fully stable and should be used with caution. We make no claims about them.