Last updated on 2024-06-22 21:47:27 CEST.
Flavor | Version | Tinstall | Tcheck | Ttotal | Status | Flags |
---|---|---|---|---|---|---|
r-devel-linux-x86_64-debian-clang | 0.99-3 | 19.62 | 76.69 | 96.31 | OK | |
r-devel-linux-x86_64-debian-gcc | 0.99-3 | 15.80 | 52.34 | 68.14 | OK | |
r-devel-linux-x86_64-fedora-clang | 0.99-3 | 125.49 | NOTE | |||
r-devel-linux-x86_64-fedora-gcc | 0.99-3 | 117.22 | OK | |||
r-devel-windows-x86_64 | 0.99-3 | 14.00 | 65.00 | 79.00 | OK | |
r-patched-linux-x86_64 | 0.99-3 | 18.82 | 70.01 | 88.83 | OK | |
r-release-linux-x86_64 | 0.99-3 | 18.71 | 72.26 | 90.97 | OK | |
r-release-macos-arm64 | 0.99-3 | 31.00 | OK | |||
r-release-macos-x86_64 | 0.99-3 | 49.00 | OK | |||
r-release-windows-x86_64 | 0.99-3 | 15.00 | 66.00 | 81.00 | OK | |
r-oldrel-macos-arm64 | 0.99-3 | 32.00 | OK | |||
r-oldrel-macos-x86_64 | 0.99-3 | 80.00 | OK | |||
r-oldrel-windows-x86_64 | 0.99-3 | 17.00 | 77.00 | 94.00 | OK |
Version: 0.99-3
Check: Rd cross-references
Result: NOTE
Undeclared package ‘sdam’ in Rd xrefs
Flavor: r-devel-linux-x86_64-fedora-clang
These binaries (installable software) and packages are in development.
They may not be fully stable and should be used with caution. We make no claims about them.