Last updated on 2025-11-13 07:50:59 CET.
| Flavor | Version | Tinstall | Tcheck | Ttotal | Status | Flags |
|---|---|---|---|---|---|---|
| r-devel-linux-x86_64-debian-clang | 0.99-3 | 15.76 | 58.48 | 74.24 | NOTE | |
| r-devel-linux-x86_64-debian-gcc | 0.99-3 | 11.64 | 37.39 | 49.03 | NOTE | |
| r-devel-linux-x86_64-fedora-clang | 0.99-3 | 44.00 | 78.77 | 122.77 | NOTE | |
| r-devel-linux-x86_64-fedora-gcc | 0.99-3 | 40.00 | 73.56 | 113.56 | NOTE | |
| r-devel-windows-x86_64 | 0.99-3 | 16.00 | 63.00 | 79.00 | NOTE | |
| r-patched-linux-x86_64 | 0.99-3 | 17.07 | 55.58 | 72.65 | NOTE | |
| r-release-linux-x86_64 | 0.99-3 | 16.14 | 56.17 | 72.31 | NOTE | |
| r-release-macos-arm64 | 0.99-3 | 8.00 | 25.00 | 33.00 | NOTE | |
| r-release-macos-x86_64 | 0.99-3 | 16.00 | 46.00 | 62.00 | NOTE | |
| r-release-windows-x86_64 | 0.99-3 | 16.00 | 63.00 | 79.00 | NOTE | |
| r-oldrel-macos-arm64 | 0.99-3 | 8.00 | 23.00 | 31.00 | OK | |
| r-oldrel-macos-x86_64 | 0.99-3 | 11.00 | 38.00 | 49.00 | OK | |
| r-oldrel-windows-x86_64 | 0.99-3 | 19.00 | 78.00 | 97.00 | OK |
Version: 0.99-3
Check: DESCRIPTION meta-information
Result: NOTE
Missing dependency on R >= 4.1.0 because package code uses the pipe
|> or function shorthand \(...) syntax added in R 4.1.0.
File(s) using such syntax:
‘mlgraph.Rd’
Flavors: r-devel-linux-x86_64-debian-clang, r-devel-linux-x86_64-debian-gcc, r-devel-linux-x86_64-fedora-clang, r-devel-linux-x86_64-fedora-gcc, r-devel-windows-x86_64, r-patched-linux-x86_64, r-release-linux-x86_64, r-release-macos-arm64, r-release-macos-x86_64, r-release-windows-x86_64
These binaries (installable software) and packages are in development.
They may not be fully stable and should be used with caution. We make no claims about them.