Last updated on 2025-10-23 21:51:33 CEST.
Flavor | Version | Tinstall | Tcheck | Ttotal | Status | Flags |
---|---|---|---|---|---|---|
r-devel-linux-x86_64-debian-clang | 2.1.1 | 174.46 | 74.97 | 249.43 | OK | |
r-devel-linux-x86_64-debian-gcc | 2.1.1 | 110.83 | 49.49 | 160.32 | OK | |
r-devel-linux-x86_64-fedora-clang | 2.1.1 | 503.00 | -121.53 | 381.47 | OK | |
r-devel-linux-x86_64-fedora-gcc | 2.1.1 | 660.00 | -207.06 | 452.94 | OK | |
r-devel-windows-x86_64 | 2.1.1 | 150.00 | 99.00 | 249.00 | OK | |
r-patched-linux-x86_64 | 2.1.1 | 148.66 | 68.25 | 216.91 | OK | |
r-release-linux-x86_64 | 2.1.1 | 153.09 | 70.53 | 223.62 | OK | |
r-release-macos-arm64 | 2.1.1 | 56.00 | 32.00 | 88.00 | OK | |
r-release-macos-x86_64 | 2.1.1 | 93.00 | 55.00 | 148.00 | OK | |
r-release-windows-x86_64 | 2.1.1 | 142.00 | 109.00 | 251.00 | OK | |
r-oldrel-macos-arm64 | 2.1.1 | 57.00 | 36.00 | 93.00 | NOTE | |
r-oldrel-macos-x86_64 | 2.1.1 | 88.00 | 66.00 | 154.00 | NOTE | |
r-oldrel-windows-x86_64 | 2.1.1 | 192.00 | 134.00 | 326.00 | OK |
Version: 2.1.1
Check: installed package size
Result: NOTE
installed size is 16.6Mb
sub-directories of 1Mb or more:
libs 15.6Mb
Flavors: r-oldrel-macos-arm64, r-oldrel-macos-x86_64
These binaries (installable software) and packages are in development.
They may not be fully stable and should be used with caution. We make no claims about them.