Last updated on 2025-02-16 08:50:55 CET.
Flavor | Version | Tinstall | Tcheck | Ttotal | Status | Flags |
---|---|---|---|---|---|---|
r-devel-linux-x86_64-debian-clang | 2.0.0 | 169.67 | 70.03 | 239.70 | OK | |
r-devel-linux-x86_64-debian-gcc | 2.0.0 | 113.79 | 47.36 | 161.15 | OK | |
r-devel-linux-x86_64-fedora-clang | 2.0.0 | 363.16 | OK | |||
r-devel-linux-x86_64-fedora-gcc | 2.0.0 | 435.95 | OK | |||
r-devel-macos-arm64 | 2.0.0 | 56.00 | OK | |||
r-devel-macos-x86_64 | 2.0.0 | 214.00 | OK | |||
r-devel-windows-x86_64 | 2.0.0 | 136.00 | 106.00 | 242.00 | OK | |
r-patched-linux-x86_64 | 2.0.0 | 152.02 | 66.35 | 218.37 | OK | |
r-release-linux-x86_64 | 2.0.0 | 157.13 | 64.13 | 221.26 | OK | |
r-release-macos-arm64 | 2.0.0 | 84.00 | NOTE | |||
r-release-macos-x86_64 | 2.0.0 | 174.00 | NOTE | |||
r-release-windows-x86_64 | 2.0.0 | 139.00 | 116.00 | 255.00 | OK | |
r-oldrel-macos-arm64 | 1.5.2 | 83.00 | NOTE | |||
r-oldrel-macos-x86_64 | 2.0.0 | 138.00 | NOTE | |||
r-oldrel-windows-x86_64 | 2.0.0 | 180.00 | 120.00 | 300.00 | OK |
Version: 2.0.0
Check: installed package size
Result: NOTE
installed size is 16.4Mb
sub-directories of 1Mb or more:
libs 15.4Mb
Flavors: r-release-macos-arm64, r-release-macos-x86_64, r-oldrel-macos-x86_64
Version: 1.5.2
Check: installed package size
Result: NOTE
installed size is 12.5Mb
sub-directories of 1Mb or more:
libs 11.6Mb
Flavor: r-oldrel-macos-arm64
These binaries (installable software) and packages are in development.
They may not be fully stable and should be used with caution. We make no claims about them.