Last updated on 2025-05-28 19:52:59 CEST.
Flavor | Version | Tinstall | Tcheck | Ttotal | Status | Flags |
---|---|---|---|---|---|---|
r-devel-linux-x86_64-debian-clang | 2.0.1 | 169.31 | 70.69 | 240.00 | OK | |
r-devel-linux-x86_64-debian-gcc | 2.0.1 | 113.13 | 48.78 | 161.91 | OK | |
r-devel-linux-x86_64-fedora-clang | 2.0.1 | 358.03 | OK | |||
r-devel-linux-x86_64-fedora-gcc | 2.0.1 | 411.17 | OK | |||
r-devel-windows-x86_64 | 2.0.1 | 145.00 | 103.00 | 248.00 | OK | |
r-patched-linux-x86_64 | 2.0.1 | 147.49 | 67.15 | 214.64 | OK | |
r-release-linux-x86_64 | 2.0.1 | 142.02 | 66.35 | 208.37 | OK | |
r-release-macos-arm64 | 2.0.1 | 90.00 | OK | |||
r-release-macos-x86_64 | 2.0.1 | 93.00 | OK | |||
r-release-windows-x86_64 | 2.0.1 | 140.00 | 106.00 | 246.00 | OK | |
r-oldrel-macos-arm64 | 2.0.1 | 82.00 | NOTE | |||
r-oldrel-macos-x86_64 | 2.0.1 | 106.00 | NOTE | |||
r-oldrel-windows-x86_64 | 2.0.1 | 184.00 | 128.00 | 312.00 | OK |
Version: 2.0.1
Check: installed package size
Result: NOTE
installed size is 16.3Mb
sub-directories of 1Mb or more:
libs 15.4Mb
Flavors: r-oldrel-macos-arm64, r-oldrel-macos-x86_64
These binaries (installable software) and packages are in development.
They may not be fully stable and should be used with caution. We make no claims about them.