Last updated on 2024-07-27 15:50:26 CEST.
Flavor | Version | Tinstall | Tcheck | Ttotal | Status | Flags |
---|---|---|---|---|---|---|
r-devel-linux-x86_64-debian-clang | 2.7 | 5.65 | 83.47 | 89.12 | OK | |
r-devel-linux-x86_64-debian-gcc | 2.7 | NOTE | ||||
r-devel-linux-x86_64-fedora-clang | 2.7 | 109.71 | OK | |||
r-devel-linux-x86_64-fedora-gcc | 2.7 | 108.28 | OK | |||
r-devel-windows-x86_64 | 2.7 | 5.00 | 96.00 | 101.00 | NOTE | |
r-patched-linux-x86_64 | 2.7 | OK | ||||
r-release-linux-x86_64 | 2.7 | 4.58 | 74.43 | 79.01 | OK | |
r-release-macos-arm64 | 2.7 | 32.00 | OK | |||
r-release-macos-x86_64 | 2.7 | 52.00 | OK | |||
r-release-windows-x86_64 | 2.7 | 5.00 | 93.00 | 98.00 | OK | |
r-oldrel-macos-arm64 | 2.7 | 34.00 | OK | |||
r-oldrel-macos-x86_64 | 2.7 | 57.00 | OK | |||
r-oldrel-windows-x86_64 | 2.7 | 6.00 | 103.00 | 109.00 | OK |
Version: 2.7
Check: Rd cross-references
Result: NOTE
Found the following Rd file(s) with Rd \link{} targets missing package
anchors:
gmeanrel.Rd: lme
Please provide package anchors for all Rd \link{} targets not in the
package itself and the base packages.
Flavors: r-devel-linux-x86_64-debian-gcc, r-devel-windows-x86_64
These binaries (installable software) and packages are in development.
They may not be fully stable and should be used with caution. We make no claims about them.