Last updated on 2024-07-27 15:50:26 CEST.
Flavor | Version | Tinstall | Tcheck | Ttotal | Status | Flags |
---|---|---|---|---|---|---|
r-devel-linux-x86_64-debian-clang | 1.2.5 | 16.16 | 123.72 | 139.88 | OK | |
r-devel-linux-x86_64-debian-gcc | 1.2.5 | NOTE | ||||
r-devel-linux-x86_64-fedora-clang | 1.2.5 | 192.63 | OK | |||
r-devel-linux-x86_64-fedora-gcc | 1.2.5 | 163.04 | OK | |||
r-devel-windows-x86_64 | 1.2.5 | 16.00 | 106.00 | 122.00 | NOTE | |
r-patched-linux-x86_64 | 1.2.5 | OK | ||||
r-release-linux-x86_64 | 1.2.5 | 12.17 | 116.45 | 128.62 | OK | |
r-release-macos-arm64 | 1.2.5 | 51.00 | OK | |||
r-release-macos-x86_64 | 1.2.5 | 80.00 | OK | |||
r-release-windows-x86_64 | 1.2.5 | 15.00 | 104.00 | 119.00 | OK | |
r-oldrel-macos-arm64 | 1.2.5 | 55.00 | OK | |||
r-oldrel-macos-x86_64 | 1.2.5 | 97.00 | OK | |||
r-oldrel-windows-x86_64 | 1.2.5 | 20.00 | 130.00 | 150.00 | OK |
Version: 1.2.5
Check: Rd cross-references
Result: NOTE
Found the following Rd file(s) with Rd \link{} targets missing package
anchors:
covariateBalance.Rd: cv.bal.psa
loess.plot.Rd: geom_smooth, stat_smooth
mlpsa.logistic.Rd: stepAIC
plot.covariate.balance.Rd: cv.bal.psa
print.xmlpsa.Rd: print.xtable
xtable.mlpsa.Rd: xtable
Please provide package anchors for all Rd \link{} targets not in the
package itself and the base packages.
Flavors: r-devel-linux-x86_64-debian-gcc, r-devel-windows-x86_64
These binaries (installable software) and packages are in development.
They may not be fully stable and should be used with caution. We make no claims about them.