CRAN Package Check Results for Package multilevelPSA

Last updated on 2025-02-16 08:50:55 CET.

Flavor Version Tinstall Tcheck Ttotal Status Flags
r-devel-linux-x86_64-debian-clang 1.2.5 12.63 101.74 114.37 NOTE
r-devel-linux-x86_64-debian-gcc 1.2.5 7.97 73.69 81.66 NOTE
r-devel-linux-x86_64-fedora-clang 1.2.5 187.38 OK
r-devel-linux-x86_64-fedora-gcc 1.2.5 172.38 OK
r-devel-macos-arm64 1.2.5 53.00 OK
r-devel-macos-x86_64 1.2.5 106.00 OK
r-devel-windows-x86_64 1.2.5 14.00 105.00 119.00 NOTE
r-patched-linux-x86_64 1.2.5 16.44 92.35 108.79 OK
r-release-linux-x86_64 1.2.5 12.48 91.71 104.19 OK
r-release-macos-arm64 1.2.5 51.00 OK
r-release-macos-x86_64 1.2.5 80.00 OK
r-release-windows-x86_64 1.2.5 14.00 105.00 119.00 OK
r-oldrel-macos-arm64 1.2.5 55.00 OK
r-oldrel-macos-x86_64 1.2.5 97.00 OK
r-oldrel-windows-x86_64 1.2.5 20.00 144.00 164.00 OK

Check Details

Version: 1.2.5
Check: Rd cross-references
Result: NOTE Found the following Rd file(s) with Rd \link{} targets missing package anchors: covariateBalance.Rd: cv.bal.psa loess.plot.Rd: geom_smooth, stat_smooth mlpsa.logistic.Rd: stepAIC plot.covariate.balance.Rd: cv.bal.psa print.xmlpsa.Rd: print.xtable xtable.mlpsa.Rd: xtable Please provide package anchors for all Rd \link{} targets not in the package itself and the base packages. Flavors: r-devel-linux-x86_64-debian-clang, r-devel-linux-x86_64-debian-gcc, r-devel-windows-x86_64

Version: 1.2.5
Check: for unstated dependencies in ‘demo’
Result: NOTE 'library' or 'require' calls not declared from: ‘MatchIt’ ‘mice’ Flavors: r-devel-linux-x86_64-debian-clang, r-devel-linux-x86_64-debian-gcc

These binaries (installable software) and packages are in development.
They may not be fully stable and should be used with caution. We make no claims about them.