Last updated on 2025-05-01 14:49:16 CEST.
Flavor | Version | Tinstall | Tcheck | Ttotal | Status | Flags |
---|---|---|---|---|---|---|
r-devel-linux-x86_64-debian-clang | 0.2.0 | 21.18 | 261.89 | 283.07 | NOTE | |
r-devel-linux-x86_64-debian-gcc | 0.2.0 | 15.56 | 180.41 | 195.97 | OK | |
r-devel-linux-x86_64-fedora-clang | 0.2.0 | 411.69 | OK | |||
r-devel-linux-x86_64-fedora-gcc | 0.2.0 | 420.86 | OK | |||
r-devel-windows-x86_64 | 0.2.0 | 22.00 | 237.00 | 259.00 | OK | |
r-patched-linux-x86_64 | 0.2.0 | 20.48 | 242.86 | 263.34 | OK | |
r-release-linux-x86_64 | OK | |||||
r-release-macos-arm64 | 0.2.0 | 64.00 | OK | |||
r-release-macos-x86_64 | 0.2.0 | 139.00 | OK | |||
r-release-windows-x86_64 | 0.2.0 | 22.00 | 239.00 | 261.00 | OK | |
r-oldrel-macos-arm64 | 0.2.0 | 99.00 | OK | |||
r-oldrel-macos-x86_64 | 0.2.0 | 132.00 | OK | |||
r-oldrel-windows-x86_64 | 0.2.0 | 27.00 | 316.00 | 343.00 | OK |
Version: 0.2.0
Check: examples
Result: NOTE
Examples with CPU (user + system) or elapsed time > 5s
user system elapsed
plot.modelDiagnostics.lme 10.737 0.113 11.980
modelDiagnostics.lme 10.239 0.403 11.860
plot.modelDiagnostics.merMod 9.165 0.088 10.808
modelDiagnostics.merMod 4.826 0.405 6.476
Flavor: r-devel-linux-x86_64-debian-clang
Version: 0.2.0
Check: examples
Result: NA
user system elapsed
modelDiagnostics.lme 6.286 0.238 7.429
plot.modelDiagnostics.lme 6.256 0.060 7.212
plot.modelDiagnostics.merMod 5.407 0.102 6.748
OK
Flavor: r-devel-linux-x86_64-debian-gcc
These binaries (installable software) and packages are in development.
They may not be fully stable and should be used with caution. We make no claims about them.