Last updated on 2025-07-25 00:49:29 CEST.
Flavor | Version | Tinstall | Tcheck | Ttotal | Status | Flags |
---|---|---|---|---|---|---|
r-devel-linux-x86_64-debian-clang | 1.3.2 | 32.25 | 262.56 | 294.81 | OK | |
r-devel-linux-x86_64-debian-gcc | 1.3.2 | 28.42 | 187.86 | 216.28 | OK | |
r-devel-linux-x86_64-fedora-clang | 1.3.2 | 478.56 | OK | |||
r-devel-linux-x86_64-fedora-gcc | 1.3.2 | 452.39 | OK | |||
r-devel-windows-x86_64 | 1.3.2 | 32.00 | 236.00 | 268.00 | OK | |
r-patched-linux-x86_64 | 1.3.2 | 36.88 | 247.54 | 284.42 | OK | |
r-release-linux-x86_64 | 1.3.2 | 37.10 | 251.35 | 288.45 | OK | |
r-release-macos-arm64 | 1.3.2 | 105.00 | OK | |||
r-release-macos-x86_64 | 1.3.2 | 225.00 | OK | |||
r-release-windows-x86_64 | 1.3.2 | 31.00 | 234.00 | 265.00 | OK | |
r-oldrel-macos-arm64 | 1.3.2 | 115.00 | NOTE | |||
r-oldrel-macos-x86_64 | 1.3.2 | 219.00 | NOTE | |||
r-oldrel-windows-x86_64 | 1.3.2 | 45.00 | 304.00 | 349.00 | NOTE |
Version: 1.3.2
Check: package dependencies
Result: NOTE
Package suggested but not available for checking: ‘cmdstanr’
Flavors: r-oldrel-macos-arm64, r-oldrel-macos-x86_64, r-oldrel-windows-x86_64
Version: 1.3.2
Check: installed package size
Result: NOTE
installed size is 8.0Mb
sub-directories of 1Mb or more:
doc 6.4Mb
Flavors: r-oldrel-macos-arm64, r-oldrel-macos-x86_64, r-oldrel-windows-x86_64
These binaries (installable software) and packages are in development.
They may not be fully stable and should be used with caution. We make no claims about them.