Last updated on 2025-05-01 08:52:39 CEST.
Flavor | Version | Tinstall | Tcheck | Ttotal | Status | Flags |
---|---|---|---|---|---|---|
r-devel-linux-x86_64-debian-clang | 1.3.1 | 39.58 | 262.30 | 301.88 | OK | |
r-devel-linux-x86_64-debian-gcc | 1.3.1 | 29.72 | 190.16 | 219.88 | OK | |
r-devel-linux-x86_64-fedora-clang | 1.3.1 | 479.97 | OK | |||
r-devel-linux-x86_64-fedora-gcc | 1.3.1 | 469.61 | OK | |||
r-devel-windows-x86_64 | 1.3.1 | 32.00 | 233.00 | 265.00 | OK | |
r-patched-linux-x86_64 | 1.3.1 | 40.98 | 242.65 | 283.63 | OK | |
r-release-linux-x86_64 | OK | |||||
r-release-macos-arm64 | 1.3.1 | 95.00 | OK | |||
r-release-macos-x86_64 | 1.3.1 | 261.00 | OK | |||
r-release-windows-x86_64 | 1.3.1 | 33.00 | 233.00 | 266.00 | OK | |
r-oldrel-macos-arm64 | 1.3.1 | 114.00 | NOTE | |||
r-oldrel-macos-x86_64 | 1.3.1 | 170.00 | NOTE | |||
r-oldrel-windows-x86_64 | 1.3.1 | 40.00 | 305.00 | 345.00 | NOTE |
Version: 1.3.1
Check: package dependencies
Result: NOTE
Package suggested but not available for checking: ‘cmdstanr’
Flavors: r-oldrel-macos-arm64, r-oldrel-macos-x86_64, r-oldrel-windows-x86_64
Version: 1.3.1
Check: installed package size
Result: NOTE
installed size is 7.9Mb
sub-directories of 1Mb or more:
doc 6.4Mb
Flavors: r-oldrel-macos-arm64, r-oldrel-macos-x86_64, r-oldrel-windows-x86_64
These binaries (installable software) and packages are in development.
They may not be fully stable and should be used with caution. We make no claims about them.