Last updated on 2025-05-01 14:49:16 CEST.
Flavor | Version | Tinstall | Tcheck | Ttotal | Status | Flags |
---|---|---|---|---|---|---|
r-devel-linux-x86_64-debian-clang | 1.0.2 | 3.14 | 30.41 | 33.55 | NOTE | |
r-devel-linux-x86_64-debian-gcc | 1.0.2 | 2.07 | 23.59 | 25.66 | OK | |
r-devel-linux-x86_64-fedora-clang | 1.0.2 | 51.38 | OK | |||
r-devel-linux-x86_64-fedora-gcc | 1.0.2 | 49.99 | OK | |||
r-devel-windows-x86_64 | 1.0.2 | 4.00 | 49.00 | 53.00 | OK | |
r-patched-linux-x86_64 | 1.0.2 | 3.29 | 28.14 | 31.43 | OK | |
r-release-linux-x86_64 | OK | |||||
r-release-macos-arm64 | 1.0.2 | 29.00 | OK | |||
r-release-macos-x86_64 | 1.0.2 | 34.00 | OK | |||
r-release-windows-x86_64 | 1.0.2 | 5.00 | 55.00 | 60.00 | OK | |
r-oldrel-macos-arm64 | 1.0.2 | 19.00 | OK | |||
r-oldrel-macos-x86_64 | 1.0.2 | 29.00 | OK | |||
r-oldrel-windows-x86_64 | 1.0.2 | 5.00 | 54.00 | 59.00 | OK |
Version: 1.0.2
Check: examples
Result: NOTE
Examples with CPU (user + system) or elapsed time > 5s
user system elapsed
multiness_fit 4.761 0.282 6.634
Flavor: r-devel-linux-x86_64-debian-clang
These binaries (installable software) and packages are in development.
They may not be fully stable and should be used with caution. We make no claims about them.