Last updated on 2025-05-02 02:51:00 CEST.
Flavor | Version | Tinstall | Tcheck | Ttotal | Status | Flags |
---|---|---|---|---|---|---|
r-devel-linux-x86_64-debian-clang | 4.2.2 | 581.08 | 51.68 | 632.76 | OK | |
r-devel-linux-x86_64-debian-gcc | 4.2.2 | 552.84 | 38.40 | 591.24 | OK | |
r-devel-linux-x86_64-fedora-clang | 4.2.2 | 1323.20 | OK | |||
r-devel-linux-x86_64-fedora-gcc | 4.2.2 | 1567.45 | OK | |||
r-devel-windows-x86_64 | 4.2.2 | 788.00 | 130.00 | 918.00 | OK | |
r-patched-linux-x86_64 | 4.2.2 | 763.33 | 48.55 | 811.88 | OK | |
r-release-linux-x86_64 | OK | |||||
r-release-macos-arm64 | 4.2.2 | 300.00 | OK | |||
r-release-macos-x86_64 | 4.2.2 | 247.00 | OK | |||
r-release-windows-x86_64 | 4.2.2 | 785.00 | 124.00 | 909.00 | OK | |
r-oldrel-macos-arm64 | 4.2.2 | 310.00 | NOTE | |||
r-oldrel-macos-x86_64 | 4.2.2 | 267.00 | NOTE | |||
r-oldrel-windows-x86_64 | 4.2.2 | 914.00 | 143.00 | 1057.00 | OK |
Version: 4.2.2
Check: installed package size
Result: NOTE
installed size is 96.6Mb
sub-directories of 1Mb or more:
libs 96.4Mb
Flavors: r-oldrel-macos-arm64, r-oldrel-macos-x86_64
These binaries (installable software) and packages are in development.
They may not be fully stable and should be used with caution. We make no claims about them.