Last updated on 2025-02-23 07:52:01 CET.
Flavor | Version | Tinstall | Tcheck | Ttotal | Status | Flags |
---|---|---|---|---|---|---|
r-devel-linux-x86_64-debian-clang | 0.2.2 | 18.78 | 30.43 | 49.21 | OK | |
r-devel-linux-x86_64-debian-gcc | 0.2.2 | 15.11 | 23.68 | 38.79 | OK | |
r-devel-linux-x86_64-fedora-clang | 0.2.2 | 96.04 | OK | |||
r-devel-linux-x86_64-fedora-gcc | 0.2.2 | 88.07 | OK | |||
r-devel-macos-arm64 | 0.2.2 | 29.00 | OK | |||
r-devel-macos-x86_64 | 0.2.2 | 53.00 | OK | |||
r-devel-windows-x86_64 | 0.2.2 | 25.00 | 78.00 | 103.00 | OK | |
r-patched-linux-x86_64 | 0.2.2 | 19.02 | 28.73 | 47.75 | OK | |
r-release-linux-x86_64 | 0.2.2 | 20.04 | 29.21 | 49.25 | OK | |
r-release-macos-arm64 | 0.2.2 | 29.00 | OK | |||
r-release-macos-x86_64 | 0.2.2 | 55.00 | OK | |||
r-release-windows-x86_64 | 0.2.2 | 25.00 | 71.00 | 96.00 | OK | |
r-oldrel-macos-arm64 | 0.2.2 | 32.00 | OK | |||
r-oldrel-macos-x86_64 | 0.2.2 | 48.00 | NOTE | |||
r-oldrel-windows-x86_64 | 0.2.2 | 29.00 | 86.00 | 115.00 | OK |
Version: 0.2.2
Check: package dependencies
Result: NOTE
Package suggested but not available for checking: ‘statnet’
Flavor: r-oldrel-macos-x86_64
These binaries (installable software) and packages are in development.
They may not be fully stable and should be used with caution. We make no claims about them.