Last updated on 2025-07-19 21:49:42 CEST.
Flavor | Version | Tinstall | Tcheck | Ttotal | Status | Flags |
---|---|---|---|---|---|---|
r-devel-linux-x86_64-debian-clang | 0.2.6 | 56.64 | 188.82 | 245.46 | OK | |
r-devel-linux-x86_64-debian-gcc | 0.2.6 | 41.07 | 122.27 | 163.34 | OK | |
r-devel-linux-x86_64-fedora-clang | 0.2.6 | 462.79 | OK | |||
r-devel-linux-x86_64-fedora-gcc | 0.2.6 | 423.50 | OK | |||
r-devel-windows-x86_64 | 0.2.6 | 62.00 | 245.00 | 307.00 | OK | |
r-patched-linux-x86_64 | 0.2.6 | 58.33 | 175.01 | 233.34 | OK | |
r-release-linux-x86_64 | 0.2.6 | 53.52 | 177.23 | 230.75 | OK | |
r-release-macos-arm64 | 0.2.6 | 119.00 | OK | |||
r-release-macos-x86_64 | 0.2.6 | 233.00 | OK | |||
r-release-windows-x86_64 | 0.2.6 | 61.00 | 253.00 | 314.00 | OK | |
r-oldrel-macos-arm64 | 0.2.6 | 108.00 | NOTE | |||
r-oldrel-macos-x86_64 | 0.2.6 | 181.00 | NOTE | |||
r-oldrel-windows-x86_64 | 0.2.6 | 75.00 | 293.00 | 368.00 | OK |
Version: 0.2.6
Check: installed package size
Result: NOTE
installed size is 6.1Mb
sub-directories of 1Mb or more:
libs 4.7Mb
Flavors: r-oldrel-macos-arm64, r-oldrel-macos-x86_64
These binaries (installable software) and packages are in development.
They may not be fully stable and should be used with caution. We make no claims about them.