Last updated on 2025-05-01 14:49:16 CEST.
Flavor | Version | Tinstall | Tcheck | Ttotal | Status | Flags |
---|---|---|---|---|---|---|
r-devel-linux-x86_64-debian-clang | 0.2.1 | 7.91 | 104.45 | 112.36 | NOTE | |
r-devel-linux-x86_64-debian-gcc | 0.2.1 | 6.38 | 76.67 | 83.05 | NOTE | |
r-devel-linux-x86_64-fedora-clang | 0.2.1 | 177.94 | OK | |||
r-devel-linux-x86_64-fedora-gcc | 0.2.1 | 188.89 | OK | |||
r-devel-windows-x86_64 | 0.2.1 | 9.00 | 126.00 | 135.00 | OK | |
r-patched-linux-x86_64 | 0.2.1 | 9.02 | 98.28 | 107.30 | OK | |
r-release-linux-x86_64 | OK | |||||
r-release-macos-arm64 | 0.2.1 | 68.00 | OK | |||
r-release-macos-x86_64 | 0.2.1 | 122.00 | OK | |||
r-release-windows-x86_64 | 0.2.1 | 9.00 | 132.00 | 141.00 | OK | |
r-oldrel-macos-arm64 | 0.2.1 | 58.00 | OK | |||
r-oldrel-macos-x86_64 | 0.2.1 | 92.00 | OK | |||
r-oldrel-windows-x86_64 | 0.2.1 | 12.00 | 151.00 | 163.00 | OK |
Version: 0.2.1
Check: CRAN incoming feasibility
Result: NOTE
Maintainer: ‘Staci Hepler <heplersa@wfu.edu>’
The Description field contains
<https://onlinelibrary.wiley.com/doi/abs/10.1002/env.2657>.
Please use permanent DOI markup for linking to publications as in <doi:prefix/suffix>.
Flavors: r-devel-linux-x86_64-debian-clang, r-devel-linux-x86_64-debian-gcc
Version: 0.2.1
Check: examples
Result: NOTE
Examples with CPU (user + system) or elapsed time > 5s
user system elapsed
GibbsSampler 5.053 0.47 6.843
Flavor: r-devel-linux-x86_64-debian-clang
Version: 0.2.1
Check: examples
Result: NA
user system elapsed
GibbsSampler 3.974 0.197 5.259
OK
Flavor: r-devel-linux-x86_64-debian-gcc
These binaries (installable software) and packages are in development.
They may not be fully stable and should be used with caution. We make no claims about them.