CRAN Package Check Results for Package multipanelfigure

Last updated on 2025-10-23 15:50:02 CEST.

Flavor Version Tinstall Tcheck Ttotal Status Flags
r-devel-linux-x86_64-debian-clang 2.1.6 3.50 60.50 64.00 NOTE
r-devel-linux-x86_64-debian-gcc 2.1.6 2.50 45.49 47.99 OK
r-devel-linux-x86_64-fedora-clang 2.1.6 93.65 OK
r-devel-linux-x86_64-fedora-gcc 2.1.6 104.61 OK
r-devel-windows-x86_64 2.1.6 5.00 68.00 73.00 OK
r-patched-linux-x86_64 2.1.6 3.77 57.48 61.25 OK
r-release-linux-x86_64 2.1.6 3.39 59.43 62.82 OK
r-release-macos-arm64 2.1.6 3.00 96.00 99.00 OK
r-release-macos-x86_64 2.1.6 3.00 63.00 66.00 OK
r-release-windows-x86_64 2.1.6 5.00 68.00 73.00 OK
r-oldrel-macos-arm64 2.1.6 2.00 33.00 35.00 OK
r-oldrel-macos-x86_64 2.1.6 3.00 51.00 54.00 OK
r-oldrel-windows-x86_64 2.1.6 7.00 81.00 88.00 OK

Check Details

Version: 2.1.6
Check: HTML version of manual
Result: NOTE Found the following HTML validation problems: multipanelfigure-deprecated.html:61:1 (multipanelfigure-deprecated.Rd:22): Warning: missing </ul> before </div> Flavor: r-devel-linux-x86_64-debian-clang

These binaries (installable software) and packages are in development.
They may not be fully stable and should be used with caution. We make no claims about them.