CRAN Package Check Results for Package multipleDL

Last updated on 2025-05-28 21:50:14 CEST.

Flavor Version Tinstall Tcheck Ttotal Status Flags
r-devel-linux-x86_64-debian-clang 1.0.0 137.23 110.87 248.10 NOTE
r-devel-linux-x86_64-debian-gcc 1.0.0 126.67 90.69 217.36 NOTE
r-devel-linux-x86_64-fedora-clang 1.0.0 394.38 OK
r-devel-linux-x86_64-fedora-gcc 1.0.0 465.86 OK
r-devel-windows-x86_64 1.0.0 157.00 133.00 290.00 OK
r-patched-linux-x86_64 1.0.0 162.86 118.40 281.26 OK
r-release-linux-x86_64 1.0.0 152.97 117.96 270.93 OK
r-release-macos-arm64 1.0.0 91.00 OK
r-release-macos-x86_64 1.0.0 338.00 OK
r-release-windows-x86_64 1.0.0 150.00 135.00 285.00 OK
r-oldrel-macos-arm64 1.0.0 58.00 NOTE
r-oldrel-macos-x86_64 1.0.0 103.00 NOTE
r-oldrel-windows-x86_64 1.0.0 172.00 169.00 341.00 NOTE

Check Details

Version: 1.0.0
Check: CRAN incoming feasibility
Result: NOTE Maintainer: ‘Yuqi Tian <yuqitian35@gmail.com>’ The Description field contains with Semiparametric Cumulative Probability Models". <arXiv:2207.02815>. Please refer to arXiv e-prints via their arXiv DOI <doi:10.48550/arXiv.YYMM.NNNNN>. Flavors: r-devel-linux-x86_64-debian-clang, r-devel-linux-x86_64-debian-gcc

Version: 1.0.0
Check: installed package size
Result: NOTE installed size is 42.6Mb sub-directories of 1Mb or more: libs 42.3Mb Flavors: r-oldrel-macos-arm64, r-oldrel-macos-x86_64

Version: 1.0.0
Check: for GNU extensions in Makefiles
Result: NOTE GNU make is a SystemRequirements. Flavors: r-oldrel-macos-arm64, r-oldrel-macos-x86_64, r-oldrel-windows-x86_64

These binaries (installable software) and packages are in development.
They may not be fully stable and should be used with caution. We make no claims about them.