Last updated on 2025-05-01 17:56:09 CEST.
Flavor | Version | Tinstall | Tcheck | Ttotal | Status | Flags |
---|---|---|---|---|---|---|
r-devel-linux-x86_64-debian-clang | 1.2-4 | 9.47 | 66.75 | 76.22 | NOTE | |
r-devel-linux-x86_64-debian-gcc | 1.2-4 | 5.08 | 47.44 | 52.52 | NOTE | |
r-devel-linux-x86_64-fedora-clang | 1.2-4 | 113.13 | OK | |||
r-devel-linux-x86_64-fedora-gcc | 1.2-4 | 109.85 | OK | |||
r-devel-windows-x86_64 | 1.2-4 | 9.00 | 79.00 | 88.00 | NOTE | |
r-patched-linux-x86_64 | 1.2-4 | 9.06 | 60.88 | 69.94 | NOTE | |
r-release-linux-x86_64 | NOTE | |||||
r-release-macos-arm64 | 1.2-4 | 38.00 | OK | |||
r-release-macos-x86_64 | 1.2-4 | 62.00 | OK | |||
r-release-windows-x86_64 | 1.2-4 | 10.00 | 83.00 | 93.00 | NOTE | |
r-oldrel-macos-arm64 | 1.2-4 | 35.00 | OK | |||
r-oldrel-macos-x86_64 | 1.2-4 | 87.00 | OK | |||
r-oldrel-windows-x86_64 | 1.2-4 | 10.00 | 88.00 | 98.00 | OK |
Version: 1.2-4
Check: CRAN incoming feasibility
Result: NOTE
Maintainer: ‘Nathalie C. Stoer <nathalie.c.stoer@kreftregisteret.no>’
No Authors@R field in DESCRIPTION.
Please add one, modifying
Authors@R: c(person(given = c("Nathalie", "C."),
family = "Stoer",
role = c("aut", "cre"),
email = "nathalie.c.stoer@kreftregisteret.no"),
person(given = c("Sven", "Ove"),
family = "Samuelsen",
role = "aut"))
as necessary.
Flavors: r-devel-linux-x86_64-debian-clang, r-devel-linux-x86_64-debian-gcc
Version: 1.2-4
Check: Rd cross-references
Result: NOTE
Found the following Rd file(s) with Rd \link{} targets missing package
anchors:
Chenprob.Rd: coxph
GAMprob.Rd: coxph, gam
GLMprob.Rd: coxph
KMprob.Rd: coxph
multipleNCC-package.Rd: coxph
pGAM.Rd: gam
wpl.Rd: coxph
Please provide package anchors for all Rd \link{} targets not in the
package itself and the base packages.
Flavors: r-devel-linux-x86_64-debian-clang, r-devel-linux-x86_64-debian-gcc, r-devel-windows-x86_64, r-patched-linux-x86_64, r-release-linux-x86_64, r-release-windows-x86_64
These binaries (installable software) and packages are in development.
They may not be fully stable and should be used with caution. We make no claims about them.