Last updated on 2025-02-02 18:50:28 CET.
Flavor | Version | Tinstall | Tcheck | Ttotal | Status | Flags |
---|---|---|---|---|---|---|
r-devel-linux-x86_64-debian-clang | 1.2-4 | 6.66 | 63.92 | 70.58 | NOTE | |
r-devel-linux-x86_64-debian-gcc | 1.2-4 | 4.47 | 48.70 | 53.17 | NOTE | |
r-devel-linux-x86_64-fedora-clang | 1.2-4 | 114.96 | OK | |||
r-devel-linux-x86_64-fedora-gcc | 1.2-4 | 109.52 | OK | |||
r-devel-windows-x86_64 | 1.2-4 | 9.00 | 82.00 | 91.00 | NOTE | |
r-patched-linux-x86_64 | 1.2-4 | 8.89 | 60.27 | 69.16 | OK | |
r-release-linux-x86_64 | 1.2-4 | 7.46 | 59.88 | 67.34 | OK | |
r-release-macos-arm64 | 1.2-4 | 35.00 | OK | |||
r-release-macos-x86_64 | 1.2-4 | 87.00 | OK | |||
r-release-windows-x86_64 | 1.2-4 | 9.00 | 76.00 | 85.00 | OK | |
r-oldrel-macos-arm64 | 1.2-4 | 41.00 | OK | |||
r-oldrel-macos-x86_64 | 1.2-4 | 97.00 | OK | |||
r-oldrel-windows-x86_64 | 1.2-4 | 11.00 | 96.00 | 107.00 | OK |
Version: 1.2-4
Check: Rd cross-references
Result: NOTE
Found the following Rd file(s) with Rd \link{} targets missing package
anchors:
Chenprob.Rd: coxph
GAMprob.Rd: coxph, gam
GLMprob.Rd: coxph
KMprob.Rd: coxph
multipleNCC-package.Rd: coxph
pGAM.Rd: gam
wpl.Rd: coxph
Please provide package anchors for all Rd \link{} targets not in the
package itself and the base packages.
Flavors: r-devel-linux-x86_64-debian-clang, r-devel-linux-x86_64-debian-gcc, r-devel-windows-x86_64
These binaries (installable software) and packages are in development.
They may not be fully stable and should be used with caution. We make no claims about them.