Last updated on 2024-07-27 15:50:27 CEST.
Flavor | Version | Tinstall | Tcheck | Ttotal | Status | Flags |
---|---|---|---|---|---|---|
r-devel-linux-x86_64-debian-clang | 1.2 | 0.27 | 2.33 | 2.60 | ERROR | |
r-devel-linux-x86_64-debian-gcc | 1.2 | ERROR | ||||
r-devel-linux-x86_64-fedora-clang | 1.2 | 2.43 | ERROR | |||
r-devel-linux-x86_64-fedora-gcc | 1.2 | 2.40 | ERROR | |||
r-devel-windows-x86_64 | 1.2 | 5.00 | 4.00 | 9.00 | ERROR | |
r-patched-linux-x86_64 | 1.2 | ERROR | ||||
r-release-linux-x86_64 | 1.2 | 0.24 | 2.12 | 2.36 | ERROR | |
r-release-macos-arm64 | 1.2 | 60.00 | OK | |||
r-release-macos-x86_64 | 1.2 | 93.00 | OK | |||
r-release-windows-x86_64 | 1.2 | 4.00 | 5.00 | 9.00 | ERROR | |
r-oldrel-macos-arm64 | 1.2 | 58.00 | OK | |||
r-oldrel-macos-x86_64 | 1.2 | 127.00 | OK | |||
r-oldrel-windows-x86_64 | 1.2 | 6.00 | 9.00 | 15.00 | ERROR |
Version: 1.2
Check: package dependencies
Result: ERROR
Package required but not available: ‘AROC’
See section ‘The DESCRIPTION file’ in the ‘Writing R Extensions’
manual.
Flavors: r-devel-linux-x86_64-debian-clang, r-devel-linux-x86_64-debian-gcc, r-devel-linux-x86_64-fedora-clang, r-devel-linux-x86_64-fedora-gcc, r-patched-linux-x86_64, r-release-linux-x86_64
Version: 1.2
Check: whether package can be installed
Result: ERROR
Installation failed.
Flavors: r-devel-windows-x86_64, r-release-windows-x86_64, r-oldrel-windows-x86_64
These binaries (installable software) and packages are in development.
They may not be fully stable and should be used with caution. We make no claims about them.