Last updated on 2025-10-23 21:51:34 CEST.
Flavor | Version | Tinstall | Tcheck | Ttotal | Status | Flags |
---|---|---|---|---|---|---|
r-devel-linux-x86_64-debian-clang | 1.3 | 9.31 | 48.02 | 57.33 | NOTE | |
r-devel-linux-x86_64-debian-gcc | 1.3 | 6.41 | 32.46 | 38.87 | NOTE | |
r-devel-linux-x86_64-fedora-clang | 1.3 | 24.00 | 65.08 | 89.08 | OK | |
r-devel-linux-x86_64-fedora-gcc | 1.3 | 21.00 | 63.06 | 84.06 | OK | |
r-devel-windows-x86_64 | 1.3 | 10.00 | 55.00 | 65.00 | OK | |
r-patched-linux-x86_64 | 1.3 | 9.56 | 43.70 | 53.26 | OK | |
r-release-linux-x86_64 | 1.3 | 9.25 | 45.76 | 55.01 | OK | |
r-release-macos-arm64 | 1.3 | 4.00 | 24.00 | 28.00 | OK | |
r-release-macos-x86_64 | 1.3 | 11.00 | 52.00 | 63.00 | OK | |
r-release-windows-x86_64 | 1.3 | 10.00 | 57.00 | 67.00 | OK | |
r-oldrel-macos-arm64 | 1.3 | 4.00 | 20.00 | 24.00 | OK | |
r-oldrel-macos-x86_64 | 1.3 | 7.00 | 36.00 | 43.00 | OK | |
r-oldrel-windows-x86_64 | 1.3 | 9.00 | 69.00 | 78.00 | OK |
Version: 1.3
Check: CRAN incoming feasibility
Result: NOTE
Maintainer: ‘Sarra Chair <sarra.chair@gmail.com>’
No Authors@R field in DESCRIPTION.
Please add one, modifying
Authors@R: c(person(given = "Sarra",
family = "Chair",
role = c("aut", "cre"),
email = "sarra.chair@gmail.com"),
person(given = "Malika",
family = "Charrad",
role = "aut"))
as necessary.
Flavors: r-devel-linux-x86_64-debian-clang, r-devel-linux-x86_64-debian-gcc
Version: 1.3
Check: Rd files
Result: NOTE
checkRd: (-1) multisom.batch.Rd:60-122: Only 2 columns allowed in this table (row 3 has 1)
checkRd: (-1) multisom.batch.Rd:60-122: Only 2 columns allowed in this table (row 5 has 1)
checkRd: (-1) multisom.batch.Rd:60-122: Only 2 columns allowed in this table (row 7 has 1)
checkRd: (-1) multisom.batch.Rd:60-122: Only 2 columns allowed in this table (row 9 has 1)
checkRd: (-1) multisom.batch.Rd:60-122: Only 2 columns allowed in this table (row 11 has 1)
checkRd: (-1) multisom.batch.Rd:60-122: Only 2 columns allowed in this table (row 13 has 1)
checkRd: (-1) multisom.batch.Rd:60-122: Only 2 columns allowed in this table (row 15 has 1)
checkRd: (-1) multisom.batch.Rd:60-122: Only 2 columns allowed in this table (row 17 has 1)
checkRd: (-1) multisom.batch.Rd:60-122: Only 2 columns allowed in this table (row 19 has 1)
checkRd: (-1) multisom.batch.Rd:60-122: Only 2 columns allowed in this table (row 21 has 1)
checkRd: (-1) multisom.batch.Rd:60-122: Only 2 columns allowed in this table (row 23 has 1)
checkRd: (-1) multisom.batch.Rd:60-122: Only 2 columns allowed in this table (row 25 has 1)
checkRd: (-1) multisom.batch.Rd:60-122: Only 2 columns allowed in this table (row 41 has 1)
checkRd: (-1) multisom.batch.Rd:60-122: Only 2 columns allowed in this table (row 43 has 1)
checkRd: (-1) multisom.batch.Rd:60-122: Only 2 columns allowed in this table (row 45 has 1)
checkRd: (-1) multisom.batch.Rd:60-122: Only 2 columns allowed in this table (row 47 has 1)
checkRd: (-1) multisom.batch.Rd:60-122: Only 2 columns allowed in this table (row 49 has 1)
checkRd: (-1) multisom.batch.Rd:60-122: Only 2 columns allowed in this table (row 53 has 1)
checkRd: (-1) multisom.batch.Rd:60-122: Only 2 columns allowed in this table (row 57 has 1)
checkRd: (-1) multisom.batch.Rd:60-122: Only 2 columns allowed in this table (row 59 has 1)
checkRd: (-1) multisom.batch.Rd:60-122: Only 2 columns allowed in this table (row 61 has 1)
Flavor: r-devel-linux-x86_64-debian-gcc
These binaries (installable software) and packages are in development.
They may not be fully stable and should be used with caution. We make no claims about them.