Last updated on 2025-07-02 03:50:46 CEST.
Flavor | Version | Tinstall | Tcheck | Ttotal | Status | Flags |
---|---|---|---|---|---|---|
r-devel-linux-x86_64-debian-clang | 1.3 | 8.37 | 44.77 | 53.14 | NOTE | |
r-devel-linux-x86_64-debian-gcc | 1.3 | 6.62 | 31.71 | 38.33 | NOTE | |
r-devel-linux-x86_64-fedora-clang | 1.3 | 92.50 | OK | |||
r-devel-linux-x86_64-fedora-gcc | 1.3 | 83.80 | OK | |||
r-devel-windows-x86_64 | 1.3 | 9.00 | 58.00 | 67.00 | OK | |
r-patched-linux-x86_64 | OK | |||||
r-release-linux-x86_64 | 1.3 | 9.63 | 42.30 | 51.93 | OK | |
r-release-macos-arm64 | 1.3 | 28.00 | OK | |||
r-release-macos-x86_64 | 1.3 | 63.00 | OK | |||
r-release-windows-x86_64 | 1.3 | 10.00 | 59.00 | 69.00 | OK | |
r-oldrel-macos-arm64 | 1.3 | 24.00 | OK | |||
r-oldrel-macos-x86_64 | 1.3 | 43.00 | OK | |||
r-oldrel-windows-x86_64 | 1.3 | 13.00 | 65.00 | 78.00 | OK |
Version: 1.3
Check: CRAN incoming feasibility
Result: NOTE
Maintainer: ‘Sarra Chair <sarra.chair@gmail.com>’
No Authors@R field in DESCRIPTION.
Please add one, modifying
Authors@R: c(person(given = "Sarra",
family = "Chair",
role = c("aut", "cre"),
email = "sarra.chair@gmail.com"),
person(given = "Malika",
family = "Charrad",
role = "aut"))
as necessary.
Flavors: r-devel-linux-x86_64-debian-clang, r-devel-linux-x86_64-debian-gcc
These binaries (installable software) and packages are in development.
They may not be fully stable and should be used with caution. We make no claims about them.