Last updated on 2025-05-01 15:49:37 CEST.
Flavor | Version | Tinstall | Tcheck | Ttotal | Status | Flags |
---|---|---|---|---|---|---|
r-devel-linux-x86_64-debian-clang | 1.0-17 | 4.89 | 27.65 | 32.54 | NOTE | |
r-devel-linux-x86_64-debian-gcc | 1.0-17 | 3.55 | 21.25 | 24.80 | NOTE | |
r-devel-linux-x86_64-fedora-clang | 1.0-17 | 51.19 | OK | |||
r-devel-linux-x86_64-fedora-gcc | 1.0-17 | 51.06 | OK | |||
r-devel-windows-x86_64 | 1.0-17 | 9.00 | 55.00 | 64.00 | OK | |
r-patched-linux-x86_64 | 1.0-17 | 4.19 | 25.98 | 30.17 | OK | |
r-release-linux-x86_64 | OK | |||||
r-release-macos-arm64 | 1.0-17 | 24.00 | OK | |||
r-release-macos-x86_64 | 1.0-17 | 35.00 | OK | |||
r-release-windows-x86_64 | 1.0-17 | 11.00 | 63.00 | 74.00 | OK | |
r-oldrel-macos-arm64 | 1.0-17 | 27.00 | OK | |||
r-oldrel-macos-x86_64 | 1.0-17 | 32.00 | OK | |||
r-oldrel-windows-x86_64 | 1.0-17 | 10.00 | 61.00 | 71.00 | OK |
Version: 1.0-17
Check: CRAN incoming feasibility
Result: NOTE
Maintainer: ‘Karim Rahim <karim.rahim@queensu.ca>’
No Authors@R field in DESCRIPTION.
Please add one, modifying
Authors@R: c(person(given = "Karim",
family = "Rahim",
role = c("aut", "cre"),
email = "karim.rahim@queensu.ca"),
person(given = c("Wesley", "S."),
family = "Burr",
role = "aut",
email = "wesleyburr@trentu.ca"))
as necessary.
Flavors: r-devel-linux-x86_64-debian-clang, r-devel-linux-x86_64-debian-gcc
These binaries (installable software) and packages are in development.
They may not be fully stable and should be used with caution. We make no claims about them.