Last updated on 2025-02-16 08:50:55 CET.
Flavor | Version | Tinstall | Tcheck | Ttotal | Status | Flags |
---|---|---|---|---|---|---|
r-devel-linux-x86_64-debian-clang | 0.1.4 | 7.28 | 148.99 | 156.27 | NOTE | |
r-devel-linux-x86_64-debian-gcc | 0.1.4 | 5.29 | 99.80 | 105.09 | NOTE | |
r-devel-linux-x86_64-fedora-clang | 0.1.4 | 260.66 | NOTE | |||
r-devel-linux-x86_64-fedora-gcc | 0.1.4 | 243.63 | NOTE | |||
r-devel-macos-arm64 | 0.1.4 | 76.00 | OK | |||
r-devel-macos-x86_64 | 0.1.4 | 264.00 | OK | |||
r-devel-windows-x86_64 | 0.1.4 | 9.00 | 151.00 | 160.00 | NOTE | |
r-patched-linux-x86_64 | 0.1.4 | 12.19 | 135.76 | 147.95 | OK | |
r-release-linux-x86_64 | 0.1.4 | 6.56 | 136.77 | 143.33 | OK | |
r-release-macos-arm64 | 0.1.4 | 72.00 | NOTE | |||
r-release-macos-x86_64 | 0.1.4 | 103.00 | NOTE | |||
r-release-windows-x86_64 | 0.1.4 | 9.00 | 149.00 | 158.00 | NOTE | |
r-oldrel-macos-arm64 | 0.1.4 | 85.00 | NOTE | |||
r-oldrel-macos-x86_64 | 0.1.4 | 199.00 | NOTE | |||
r-oldrel-windows-x86_64 | 0.1.4 | 12.00 | 206.00 | 218.00 | NOTE |
Version: 0.1.4
Check: DESCRIPTION meta-information
Result: NOTE
Missing dependency on R >= 4.2.0 because package code uses the pipe
placeholder syntax added in R 4.2.0.
File(s) using such syntax:
‘grid-pipeline.R’ ‘inspect-decisions.R’ ‘multiverse-tables.R’
‘show-pipelines.R’ ‘utils.R’ ‘visualize-pipeline.R’
Flavors: r-devel-linux-x86_64-debian-clang, r-devel-linux-x86_64-debian-gcc, r-devel-linux-x86_64-fedora-clang, r-devel-linux-x86_64-fedora-gcc, r-devel-windows-x86_64
Version: 0.1.4
Check: Rd cross-references
Result: NOTE
Found the following Rd file(s) with Rd \link{} targets missing package
anchors:
condense.Rd: unnest
Please provide package anchors for all Rd \link{} targets not in the
package itself and the base packages.
Flavors: r-devel-linux-x86_64-debian-clang, r-devel-linux-x86_64-debian-gcc, r-devel-windows-x86_64
Version: 0.1.4
Check: installed package size
Result: NOTE
installed size is 5.0Mb
sub-directories of 1Mb or more:
doc 4.3Mb
Flavors: r-release-macos-arm64, r-release-macos-x86_64, r-release-windows-x86_64, r-oldrel-macos-arm64, r-oldrel-macos-x86_64, r-oldrel-windows-x86_64
These binaries (installable software) and packages are in development.
They may not be fully stable and should be used with caution. We make no claims about them.