CRAN Package Check Results for Package multitool

Last updated on 2025-07-02 01:51:44 CEST.

Flavor Version Tinstall Tcheck Ttotal Status Flags
r-devel-linux-x86_64-debian-clang 0.1.4 6.47 145.57 152.04 NOTE
r-devel-linux-x86_64-debian-gcc 0.1.4 4.99 101.01 106.00 NOTE
r-devel-linux-x86_64-fedora-clang 0.1.4 249.11 NOTE
r-devel-linux-x86_64-fedora-gcc 0.1.4 267.19 NOTE
r-devel-windows-x86_64 0.1.4 10.00 155.00 165.00 NOTE
r-patched-linux-x86_64 NOTE
r-release-linux-x86_64 0.1.4 7.04 139.17 146.21 NOTE
r-release-macos-arm64 0.1.4 69.00 NOTE
r-release-macos-x86_64 0.1.4 264.00 OK
r-release-windows-x86_64 0.1.4 10.00 150.00 160.00 NOTE
r-oldrel-macos-arm64 0.1.4 72.00 NOTE
r-oldrel-macos-x86_64 0.1.4 103.00 NOTE
r-oldrel-windows-x86_64 0.1.4 13.00 198.00 211.00 NOTE

Check Details

Version: 0.1.4
Check: DESCRIPTION meta-information
Result: NOTE Missing dependency on R >= 4.2.0 because package code uses the pipe placeholder syntax added in R 4.2.0. File(s) using such syntax: ‘grid-pipeline.R’ ‘inspect-decisions.R’ ‘multiverse-tables.R’ ‘show-pipelines.R’ ‘utils.R’ ‘visualize-pipeline.R’ Flavors: r-devel-linux-x86_64-debian-clang, r-devel-linux-x86_64-debian-gcc, r-devel-linux-x86_64-fedora-clang, r-devel-linux-x86_64-fedora-gcc, r-devel-windows-x86_64, r-patched-linux-x86_64, r-release-linux-x86_64, r-release-macos-arm64, r-release-windows-x86_64

Version: 0.1.4
Check: Rd cross-references
Result: NOTE Found the following Rd file(s) with Rd \link{} targets missing package anchors: condense.Rd: unnest Please provide package anchors for all Rd \link{} targets not in the package itself and the base packages. Flavors: r-devel-linux-x86_64-debian-clang, r-devel-linux-x86_64-debian-gcc, r-devel-windows-x86_64, r-patched-linux-x86_64, r-release-linux-x86_64, r-release-windows-x86_64

Version: 0.1.4
Check: installed package size
Result: NOTE installed size is 5.0Mb sub-directories of 1Mb or more: doc 4.3Mb Flavors: r-oldrel-macos-arm64, r-oldrel-macos-x86_64, r-oldrel-windows-x86_64

These binaries (installable software) and packages are in development.
They may not be fully stable and should be used with caution. We make no claims about them.