Last updated on 2025-05-01 08:52:39 CEST.
Flavor | Version | Tinstall | Tcheck | Ttotal | Status | Flags |
---|---|---|---|---|---|---|
r-devel-linux-x86_64-debian-clang | 1.1.0 | 42.47 | 101.63 | 144.10 | NOTE | |
r-devel-linux-x86_64-debian-gcc | 1.1.0 | 31.34 | 73.26 | 104.60 | NOTE | |
r-devel-linux-x86_64-fedora-clang | 1.1.0 | 232.02 | NOTE | |||
r-devel-linux-x86_64-fedora-gcc | 1.1.0 | 241.56 | NOTE | |||
r-devel-windows-x86_64 | 1.1.0 | 52.00 | 128.00 | 180.00 | NOTE | |
r-patched-linux-x86_64 | 1.1.0 | 42.22 | 93.71 | 135.93 | NOTE | |
r-release-linux-x86_64 | NOTE | |||||
r-release-macos-arm64 | 1.1.0 | 112.00 | NOTE | |||
r-release-macos-x86_64 | 1.1.0 | 115.00 | NOTE | |||
r-release-windows-x86_64 | 1.1.0 | 49.00 | 130.00 | 179.00 | NOTE | |
r-oldrel-macos-arm64 | 1.1.0 | 67.00 | NOTE | |||
r-oldrel-macos-x86_64 | 1.1.0 | 91.00 | NOTE | |||
r-oldrel-windows-x86_64 | 1.1.0 | 57.00 | 157.00 | 214.00 | NOTE |
Version: 1.1.0
Check: CRAN incoming feasibility
Result: NOTE
Maintainer: ‘Zachary Fisher <fish.zachary@gmail.com>’
The Description field contains
<arXiv:2007.05052>.
Please refer to arXiv e-prints via their arXiv DOI <doi:10.48550/arXiv.YYMM.NNNNN>.
Flavors: r-devel-linux-x86_64-debian-clang, r-devel-linux-x86_64-debian-gcc
Version: 1.1.0
Check: C++ specification
Result: NOTE
Specified C++11: please drop specification unless essential
Flavors: r-devel-linux-x86_64-debian-clang, r-devel-linux-x86_64-debian-gcc, r-devel-linux-x86_64-fedora-clang, r-devel-linux-x86_64-fedora-gcc, r-devel-windows-x86_64, r-patched-linux-x86_64, r-release-linux-x86_64, r-release-macos-arm64, r-release-macos-x86_64, r-release-windows-x86_64, r-oldrel-macos-arm64, r-oldrel-macos-x86_64, r-oldrel-windows-x86_64
These binaries (installable software) and packages are in development.
They may not be fully stable and should be used with caution. We make no claims about them.