CRAN Package Check Results for Package multivarious

Last updated on 2025-05-02 06:49:39 CEST.

Flavor Version Tinstall Tcheck Ttotal Status Flags
r-devel-linux-x86_64-debian-clang 0.2.0 10.25 89.95 100.20 NOTE
r-devel-linux-x86_64-debian-gcc 0.2.0 7.27 65.65 72.92 NOTE
r-devel-linux-x86_64-fedora-clang 0.2.0 152.91 NOTE
r-devel-linux-x86_64-fedora-gcc 0.2.0 160.29 NOTE
r-devel-windows-x86_64 0.2.0 12.00 109.00 121.00 NOTE
r-patched-linux-x86_64 0.2.0 11.06 82.45 93.51 NOTE
r-release-linux-x86_64 NOTE
r-release-macos-arm64 0.2.0 57.00 NOTE
r-release-macos-x86_64 0.2.0 105.00 NOTE
r-release-windows-x86_64 0.2.0 12.00 117.00 129.00 NOTE
r-oldrel-macos-arm64 0.2.0 49.00 OK
r-oldrel-macos-x86_64 0.2.0 74.00 OK
r-oldrel-windows-x86_64 0.2.0 12.00 134.00 146.00 OK

Check Details

Version: 0.2.0
Check: DESCRIPTION meta-information
Result: NOTE Missing dependency on R >= 4.1.0 because package code uses the pipe |> or function shorthand \(...) syntax added in R 4.1.0. File(s) using such syntax: ‘concat_pre_processors.Rd’ Flavors: r-devel-linux-x86_64-debian-clang, r-devel-linux-x86_64-debian-gcc, r-devel-linux-x86_64-fedora-clang, r-devel-linux-x86_64-fedora-gcc, r-devel-windows-x86_64, r-patched-linux-x86_64, r-release-linux-x86_64, r-release-macos-arm64, r-release-macos-x86_64, r-release-windows-x86_64

These binaries (installable software) and packages are in development.
They may not be fully stable and should be used with caution. We make no claims about them.