Last updated on 2025-11-11 15:50:40 CET.
| Flavor | Version | Tinstall | Tcheck | Ttotal | Status | Flags |
|---|---|---|---|---|---|---|
| r-devel-linux-x86_64-debian-clang | 0.2.0 | 8.65 | 91.04 | 99.69 | NOTE | |
| r-devel-linux-x86_64-debian-gcc | 0.2.0 | 7.04 | 67.17 | 74.21 | NOTE | |
| r-devel-linux-x86_64-fedora-clang | 0.2.0 | 21.00 | 131.74 | 152.74 | NOTE | |
| r-devel-linux-x86_64-fedora-gcc | 0.2.0 | 21.00 | 141.64 | 162.64 | NOTE | |
| r-devel-windows-x86_64 | 0.2.0 | 11.00 | 105.00 | 116.00 | NOTE | |
| r-patched-linux-x86_64 | 0.2.0 | 10.16 | 87.27 | 97.43 | NOTE | |
| r-release-linux-x86_64 | 0.2.0 | 8.31 | 86.25 | 94.56 | NOTE | |
| r-release-macos-arm64 | 0.2.0 | 4.00 | 53.00 | 57.00 | NOTE | |
| r-release-macos-x86_64 | 0.2.0 | 9.00 | 96.00 | 105.00 | NOTE | |
| r-release-windows-x86_64 | 0.2.0 | 12.00 | 104.00 | 116.00 | NOTE | |
| r-oldrel-macos-arm64 | 0.2.0 | 4.00 | 45.00 | 49.00 | OK | |
| r-oldrel-macos-x86_64 | 0.2.0 | 7.00 | 67.00 | 74.00 | OK | |
| r-oldrel-windows-x86_64 | 0.2.0 | 16.00 | 133.00 | 149.00 | OK |
Version: 0.2.0
Check: DESCRIPTION meta-information
Result: NOTE
Missing dependency on R >= 4.1.0 because package code uses the pipe
|> or function shorthand \(...) syntax added in R 4.1.0.
File(s) using such syntax:
‘concat_pre_processors.Rd’
Flavors: r-devel-linux-x86_64-debian-clang, r-devel-linux-x86_64-debian-gcc, r-devel-linux-x86_64-fedora-clang, r-devel-linux-x86_64-fedora-gcc, r-devel-windows-x86_64, r-patched-linux-x86_64, r-release-linux-x86_64, r-release-macos-arm64, r-release-macos-x86_64, r-release-windows-x86_64
These binaries (installable software) and packages are in development.
They may not be fully stable and should be used with caution. We make no claims about them.