Last updated on 2025-05-01 12:49:34 CEST.
Flavor | Version | Tinstall | Tcheck | Ttotal | Status | Flags |
---|---|---|---|---|---|---|
r-devel-linux-x86_64-debian-clang | 0.6.2 | 9.14 | 135.83 | 144.97 | NOTE | |
r-devel-linux-x86_64-debian-gcc | 0.6.2 | 5.22 | 93.98 | 99.20 | NOTE | |
r-devel-linux-x86_64-fedora-clang | 0.6.2 | 232.43 | NOTE | |||
r-devel-linux-x86_64-fedora-gcc | 0.6.2 | 241.54 | NOTE | |||
r-devel-windows-x86_64 | 0.6.2 | 11.00 | 172.00 | 183.00 | NOTE | |
r-patched-linux-x86_64 | 0.6.2 | 8.49 | 124.57 | 133.06 | NOTE | |
r-release-linux-x86_64 | NOTE | |||||
r-release-macos-arm64 | 0.6.2 | 80.00 | NOTE | |||
r-release-macos-x86_64 | 0.6.2 | 231.00 | NOTE | |||
r-release-windows-x86_64 | 0.6.2 | 13.00 | 171.00 | 184.00 | NOTE | |
r-oldrel-macos-arm64 | 0.6.2 | 92.00 | OK | |||
r-oldrel-macos-x86_64 | 0.6.2 | 119.00 | OK | |||
r-oldrel-windows-x86_64 | 0.6.2 | 13.00 | 213.00 | 226.00 | OK |
Version: 0.6.2
Check: DESCRIPTION meta-information
Result: NOTE
Missing dependency on R >= 4.1.0 because package code uses the pipe
|> or function shorthand \(...) syntax added in R 4.1.0.
File(s) using such syntax:
‘accessors.R’ ‘export_json.R’ ‘extract.R’
Flavors: r-devel-linux-x86_64-debian-clang, r-devel-linux-x86_64-debian-gcc, r-devel-linux-x86_64-fedora-clang, r-devel-linux-x86_64-fedora-gcc, r-devel-windows-x86_64, r-patched-linux-x86_64, r-release-linux-x86_64, r-release-macos-arm64, r-release-macos-x86_64, r-release-windows-x86_64
These binaries (installable software) and packages are in development.
They may not be fully stable and should be used with caution. We make no claims about them.