CRAN Package Check Results for Package multiwayvcov

Last updated on 2025-05-01 15:49:37 CEST.

Flavor Version Tinstall Tcheck Ttotal Status Flags
r-devel-linux-x86_64-debian-clang 1.2.3 2.24 22.77 25.01 NOTE
r-devel-linux-x86_64-debian-gcc 1.2.3 1.79 18.41 20.20 NOTE
r-devel-linux-x86_64-fedora-clang 1.2.3 38.76 OK
r-devel-linux-x86_64-fedora-gcc 1.2.3 39.56 OK
r-devel-windows-x86_64 1.2.3 3.00 45.00 48.00 OK
r-patched-linux-x86_64 1.2.3 2.16 22.19 24.35 OK
r-release-linux-x86_64 OK
r-release-macos-arm64 1.2.3 16.00 OK
r-release-macos-x86_64 1.2.3 36.00 OK
r-release-windows-x86_64 1.2.3 3.00 49.00 52.00 OK
r-oldrel-macos-arm64 1.2.3 16.00 OK
r-oldrel-macos-x86_64 1.2.3 26.00 OK
r-oldrel-windows-x86_64 1.2.3 4.00 47.00 51.00 OK

Check Details

Version: 1.2.3
Check: CRAN incoming feasibility
Result: NOTE Maintainer: ‘Nathaniel Graham <npgraham1@gmail.com>’ No Authors@R field in DESCRIPTION. Please add one, modifying Authors@R: c(person(given = "Nathaniel", family = "Graham", role = c("aut", "cre"), email = "npgraham1@gmail.com"), person(given = "Mahmood", family = "Arai", role = "aut"), person(given = "Björn", family = "Hagströmer", role = "aut")) as necessary. Flavors: r-devel-linux-x86_64-debian-clang, r-devel-linux-x86_64-debian-gcc

These binaries (installable software) and packages are in development.
They may not be fully stable and should be used with caution. We make no claims about them.