Last updated on 2025-05-01 14:49:16 CEST.
Flavor | Version | Tinstall | Tcheck | Ttotal | Status | Flags |
---|---|---|---|---|---|---|
r-devel-linux-x86_64-debian-clang | 0.3.3 | 2.54 | 189.48 | 192.02 | NOTE | |
r-devel-linux-x86_64-debian-gcc | 0.3.3 | 1.92 | 125.98 | 127.90 | OK | |
r-devel-linux-x86_64-fedora-clang | 0.3.3 | 324.25 | OK | |||
r-devel-linux-x86_64-fedora-gcc | 0.3.3 | 330.92 | OK | |||
r-devel-windows-x86_64 | 0.3.3 | 4.00 | 204.00 | 208.00 | OK | |
r-patched-linux-x86_64 | 0.3.3 | 2.65 | 187.53 | 190.18 | OK | |
r-release-linux-x86_64 | OK | |||||
r-release-macos-arm64 | 0.3.3 | 140.00 | OK | |||
r-release-macos-x86_64 | 0.3.3 | 135.00 | OK | |||
r-release-windows-x86_64 | 0.3.3 | 5.00 | 209.00 | 214.00 | OK | |
r-oldrel-macos-arm64 | 0.3.3 | 94.00 | OK | |||
r-oldrel-macos-x86_64 | 0.3.3 | 151.00 | OK | |||
r-oldrel-windows-x86_64 | 0.3.3 | 5.00 | 258.00 | 263.00 | OK |
Version: 0.3.3
Check: examples
Result: NOTE
Examples with CPU (user + system) or elapsed time > 5s
user system elapsed
Anova.mp 5.852 0.339 7.443
Flavor: r-devel-linux-x86_64-debian-clang
Version: 0.3.3
Check: examples
Result: NA
user system elapsed
Anova.mp 3.974 0.243 5.235
OK
Flavor: r-devel-linux-x86_64-debian-gcc
These binaries (installable software) and packages are in development.
They may not be fully stable and should be used with caution. We make no claims about them.