Last updated on 2025-05-01 14:49:16 CEST.
Flavor | Version | Tinstall | Tcheck | Ttotal | Status | Flags |
---|---|---|---|---|---|---|
r-devel-linux-x86_64-debian-clang | 1.0.10 | 5.20 | 206.10 | 211.30 | NOTE | |
r-devel-linux-x86_64-debian-gcc | 1.0.10 | 4.20 | 138.22 | 142.42 | OK | |
r-devel-linux-x86_64-fedora-clang | 1.0.10 | 357.41 | OK | |||
r-devel-linux-x86_64-fedora-gcc | 1.0.10 | 369.22 | OK | |||
r-devel-windows-x86_64 | 1.0.10 | 8.00 | 234.00 | 242.00 | OK | |
r-patched-linux-x86_64 | 1.0.10 | 5.99 | 195.63 | 201.62 | OK | |
r-release-linux-x86_64 | OK | |||||
r-release-macos-arm64 | 1.0.10 | 113.00 | OK | |||
r-release-macos-x86_64 | 1.0.10 | 179.00 | OK | |||
r-release-windows-x86_64 | 1.0.10 | 8.00 | 245.00 | 253.00 | OK | |
r-oldrel-macos-arm64 | 1.0.10 | 83.00 | OK | |||
r-oldrel-macos-x86_64 | 1.0.10 | 192.00 | OK | |||
r-oldrel-windows-x86_64 | 1.0.10 | 9.00 | 281.00 | 290.00 | OK |
Version: 1.0.10
Check: examples
Result: NOTE
Examples with CPU (user + system) or elapsed time > 5s
user system elapsed
plotmvd 6.701 0.024 8.25
Flavor: r-devel-linux-x86_64-debian-clang
These binaries (installable software) and packages are in development.
They may not be fully stable and should be used with caution. We make no claims about them.