Last updated on 2025-10-23 17:50:55 CEST.
Flavor | Version | Tinstall | Tcheck | Ttotal | Status | Flags |
---|---|---|---|---|---|---|
r-devel-linux-x86_64-debian-clang | 0.1.1 | 2.27 | 24.99 | 27.26 | NOTE | |
r-devel-linux-x86_64-debian-gcc | 0.1.1 | 1.92 | 19.25 | 21.17 | NOTE | |
r-devel-linux-x86_64-fedora-clang | 0.1.1 | 42.53 | OK | |||
r-devel-linux-x86_64-fedora-gcc | 0.1.1 | 40.58 | OK | |||
r-devel-windows-x86_64 | 0.1.1 | 3.00 | 43.00 | 46.00 | OK | |
r-patched-linux-x86_64 | 0.1.1 | 2.49 | 23.90 | 26.39 | OK | |
r-release-linux-x86_64 | 0.1.1 | 2.52 | 23.93 | 26.45 | OK | |
r-release-macos-arm64 | 0.1.1 | 2.00 | 17.00 | 19.00 | OK | |
r-release-macos-x86_64 | 0.1.1 | 3.00 | 25.00 | 28.00 | OK | |
r-release-windows-x86_64 | 0.1.1 | 4.00 | 45.00 | 49.00 | OK | |
r-oldrel-macos-arm64 | 0.1.1 | 1.00 | 15.00 | 16.00 | OK | |
r-oldrel-macos-x86_64 | 0.1.1 | 2.00 | 24.00 | 26.00 | OK | |
r-oldrel-windows-x86_64 | 0.1.1 | 4.00 | 46.00 | 50.00 | OK |
Version: 0.1.1
Check: CRAN incoming feasibility
Result: NOTE
Maintainer: ‘Eric Nantz <eric.nantz@gmail.com>’
No Authors@R field in DESCRIPTION.
Please add one, modifying
Authors@R: c(person(given = "Alex",
family = "Dmitrienko",
role = "aut"),
person(given = "Eric",
family = "Nantz",
role = c("aut", "cre"),
email = "eric.nantz@gmail.com"),
person(given = "Gautier",
family = "Paux",
role = "aut"),
person(given = c("with", "contributions", "by", "Thomas"),
family = "Brechenmacher",
role = "aut"))
as necessary.
Flavors: r-devel-linux-x86_64-debian-clang, r-devel-linux-x86_64-debian-gcc
These binaries (installable software) and packages are in development.
They may not be fully stable and should be used with caution. We make no claims about them.