Last updated on 2025-10-23 17:50:55 CEST.
| Flavor | Version | Tinstall | Tcheck | Ttotal | Status | Flags |
|---|---|---|---|---|---|---|
| r-devel-linux-x86_64-debian-clang | 0.5.1 | 2.58 | 48.07 | 50.65 | NOTE | |
| r-devel-linux-x86_64-debian-gcc | 0.5.1 | 1.91 | 34.65 | 36.56 | NOTE | |
| r-devel-linux-x86_64-fedora-clang | 0.5.1 | 75.56 | OK | |||
| r-devel-linux-x86_64-fedora-gcc | 0.5.1 | 72.54 | OK | |||
| r-devel-windows-x86_64 | 0.5.1 | 4.00 | 64.00 | 68.00 | OK | |
| r-patched-linux-x86_64 | 0.5.1 | 2.70 | 44.49 | 47.19 | OK | |
| r-release-linux-x86_64 | 0.5.1 | 2.48 | 44.23 | 46.71 | OK | |
| r-release-macos-arm64 | 0.5.1 | 2.00 | 23.00 | 25.00 | OK | |
| r-release-macos-x86_64 | 0.5.1 | 2.00 | 61.00 | 63.00 | OK | |
| r-release-windows-x86_64 | 0.5.1 | 6.00 | 65.00 | 71.00 | OK | |
| r-oldrel-macos-arm64 | 0.5.1 | 1.00 | 26.00 | 27.00 | OK | |
| r-oldrel-macos-x86_64 | 0.5.1 | 4.00 | 39.00 | 43.00 | OK | |
| r-oldrel-windows-x86_64 | 0.5.1 | 4.00 | 80.00 | 84.00 | OK |
Version: 0.5.1
Check: CRAN incoming feasibility
Result: NOTE
Maintainer: ‘Charlotte Wickham <cwickham@gmail.com>’
No Authors@R field in DESCRIPTION.
Please add one, modifying
Authors@R: person(given = "Charlotte",
family = "Wickham",
role = c("aut", "cre"),
email = "cwickham@gmail.com")
as necessary.
Flavors: r-devel-linux-x86_64-debian-clang, r-devel-linux-x86_64-debian-gcc
Version: 0.5.1
Check: HTML version of manual
Result: NOTE
Found the following HTML validation problems:
theme_munsell.html:46:1 (theme_munsell.Rd:10): Warning: missing </ul> before </div>
Flavor: r-devel-linux-x86_64-debian-clang
These binaries (installable software) and packages are in development.
They may not be fully stable and should be used with caution. We make no claims about them.