CRAN Package Check Results for Package musclesyneRgies

Last updated on 2025-07-02 03:50:46 CEST.

Flavor Version Tinstall Tcheck Ttotal Status Flags
r-devel-linux-x86_64-debian-clang 1.2.5 3.07 124.53 127.60 NOTE
r-devel-linux-x86_64-debian-gcc 1.2.5 3.38 86.87 90.25 NOTE
r-devel-linux-x86_64-fedora-clang 1.2.5 205.12 OK
r-devel-linux-x86_64-fedora-gcc 1.2.5 207.83 OK
r-devel-windows-x86_64 1.2.5 6.00 139.00 145.00 OK
r-patched-linux-x86_64 OK
r-release-linux-x86_64 1.2.5 3.96 119.43 123.39 OK
r-release-macos-arm64 1.2.5 127.00 OK
r-release-macos-x86_64 1.2.5 130.00 OK
r-release-windows-x86_64 1.2.5 6.00 137.00 143.00 OK
r-oldrel-macos-arm64 1.2.5 71.00 OK
r-oldrel-macos-x86_64 1.2.5 105.00 OK
r-oldrel-windows-x86_64 1.2.5 7.00 173.00 180.00 OK

Check Details

Version: 1.2.5
Check: CRAN incoming feasibility
Result: NOTE Maintainer: ‘Alessandro Santuz <alessandro.santuz@gmail.com>’ Package CITATION file contains call(s) to old-style citEntry(). Please use bibentry() instead. Flavors: r-devel-linux-x86_64-debian-clang, r-devel-linux-x86_64-debian-gcc

These binaries (installable software) and packages are in development.
They may not be fully stable and should be used with caution. We make no claims about them.