CRAN Package Check Results for Package mvGPS

Last updated on 2025-10-04 11:50:42 CEST.

Flavor Version Tinstall Tcheck Ttotal Status Flags
r-devel-linux-x86_64-debian-clang 1.2.2 10.39 140.58 150.97 NOTE
r-devel-linux-x86_64-debian-gcc 1.2.2 6.94 95.88 102.82 NOTE
r-devel-linux-x86_64-fedora-clang 1.2.2 247.57 NOTE
r-devel-linux-x86_64-fedora-gcc 1.2.2 257.41 NOTE
r-devel-windows-x86_64 1.2.2 12.00 133.00 145.00 NOTE
r-patched-linux-x86_64 1.2.2 9.57 133.55 143.12 NOTE
r-release-linux-x86_64 1.2.2 9.72 132.16 141.88 NOTE
r-release-macos-arm64 1.2.2 87.00 NOTE
r-release-macos-x86_64 1.2.2 130.00 NOTE
r-release-windows-x86_64 1.2.2 12.00 131.00 143.00 NOTE
r-oldrel-macos-arm64 1.2.2 68.00 NOTE
r-oldrel-macos-x86_64 1.2.2 119.00 NOTE
r-oldrel-windows-x86_64 1.2.2 19.00 175.00 194.00 NOTE

Check Details

Version: 1.2.2
Check: CRAN incoming feasibility
Result: NOTE Maintainer: ‘Justin Williams <williazo@ucla.edu>’ Package CITATION file contains call(s) to old-style personList() or as.personList(). Please use c() on person objects instead. The Description field contains Williams, J.R, and Crespi, C.M. (2020) <arxiv:2008.13767>. The methods Please refer to arXiv e-prints via their arXiv DOI <doi:10.48550/arXiv.YYMM.NNNNN>. Flavors: r-devel-linux-x86_64-debian-clang, r-devel-linux-x86_64-debian-gcc

Version: 1.2.2
Check: Rd files
Result: NOTE checkRd: (-1) bal.Rd:156: Escaped LaTeX specials: \& Flavors: r-devel-linux-x86_64-debian-clang, r-devel-linux-x86_64-debian-gcc, r-devel-linux-x86_64-fedora-clang, r-devel-linux-x86_64-fedora-gcc, r-devel-windows-x86_64, r-patched-linux-x86_64, r-release-linux-x86_64, r-release-macos-arm64, r-release-macos-x86_64, r-release-windows-x86_64, r-oldrel-macos-arm64, r-oldrel-macos-x86_64, r-oldrel-windows-x86_64

Version: 1.2.2
Check: dependencies in R code
Result: NOTE Namespace in Imports field not imported from: ‘Rdpack’ All declared Imports should be used. Flavors: r-devel-linux-x86_64-fedora-clang, r-devel-linux-x86_64-fedora-gcc

These binaries (installable software) and packages are in development.
They may not be fully stable and should be used with caution. We make no claims about them.