Last updated on 2025-02-16 08:50:55 CET.
Flavor | Version | Tinstall | Tcheck | Ttotal | Status | Flags |
---|---|---|---|---|---|---|
r-devel-linux-x86_64-debian-clang | 1.2.2 | 9.55 | 123.34 | 132.89 | NOTE | |
r-devel-linux-x86_64-debian-gcc | 1.2.2 | 7.63 | 85.58 | 93.21 | NOTE | |
r-devel-linux-x86_64-fedora-clang | 1.2.2 | 224.55 | NOTE | |||
r-devel-linux-x86_64-fedora-gcc | 1.2.2 | 214.65 | NOTE | |||
r-devel-macos-arm64 | 1.2.2 | 65.00 | NOTE | |||
r-devel-macos-x86_64 | 1.2.2 | 145.00 | NOTE | |||
r-devel-windows-x86_64 | 1.2.2 | 11.00 | 125.00 | 136.00 | NOTE | |
r-patched-linux-x86_64 | 1.2.2 | 9.94 | 112.95 | 122.89 | NOTE | |
r-release-linux-x86_64 | 1.2.2 | 9.46 | 113.45 | 122.91 | NOTE | |
r-release-macos-arm64 | 1.2.2 | 68.00 | NOTE | |||
r-release-macos-x86_64 | 1.2.2 | 119.00 | NOTE | |||
r-release-windows-x86_64 | 1.2.2 | 11.00 | 139.00 | 150.00 | NOTE | |
r-oldrel-macos-arm64 | 1.2.2 | 67.00 | NOTE | |||
r-oldrel-macos-x86_64 | 1.2.2 | 102.00 | NOTE | |||
r-oldrel-windows-x86_64 | 1.2.2 | 15.00 | 151.00 | 166.00 | NOTE |
Version: 1.2.2
Check: Rd files
Result: NOTE
checkRd: (-1) bal.Rd:156: Escaped LaTeX specials: \&
Flavors: r-devel-linux-x86_64-debian-clang, r-devel-linux-x86_64-debian-gcc, r-devel-linux-x86_64-fedora-clang, r-devel-linux-x86_64-fedora-gcc, r-devel-macos-arm64, r-devel-macos-x86_64, r-devel-windows-x86_64, r-patched-linux-x86_64, r-release-linux-x86_64, r-release-macos-arm64, r-release-macos-x86_64, r-release-windows-x86_64, r-oldrel-macos-arm64, r-oldrel-macos-x86_64, r-oldrel-windows-x86_64
Version: 1.2.2
Check: dependencies in R code
Result: NOTE
Namespace in Imports field not imported from: ‘Rdpack’
All declared Imports should be used.
Flavors: r-devel-linux-x86_64-fedora-clang, r-devel-linux-x86_64-fedora-gcc
These binaries (installable software) and packages are in development.
They may not be fully stable and should be used with caution. We make no claims about them.