Last updated on 2025-11-11 15:50:40 CET.
| Flavor | Version | Tinstall | Tcheck | Ttotal | Status | Flags |
|---|---|---|---|---|---|---|
| r-devel-linux-x86_64-debian-clang | 2.0.3 | 192.91 | 95.57 | 288.48 | OK | |
| r-devel-linux-x86_64-debian-gcc | 2.0.3 | 117.98 | 71.61 | 189.59 | OK | |
| r-devel-linux-x86_64-fedora-clang | 2.0.3 | 290.00 | 251.03 | 541.03 | OK | |
| r-devel-linux-x86_64-fedora-gcc | 2.0.3 | 254.00 | 225.90 | 479.90 | OK | |
| r-devel-windows-x86_64 | 2.0.3 | 218.00 | 128.00 | 346.00 | OK | |
| r-patched-linux-x86_64 | 2.0.3 | 183.33 | 88.84 | 272.17 | OK | |
| r-release-linux-x86_64 | 2.0.3 | 175.92 | 89.70 | 265.62 | OK | |
| r-release-macos-arm64 | 2.0.3 | 59.00 | 51.00 | 110.00 | OK | |
| r-release-macos-x86_64 | 2.0.3 | 71.00 | 111.00 | 182.00 | OK | |
| r-release-windows-x86_64 | 2.0.3 | 219.00 | 131.00 | 350.00 | OK | |
| r-oldrel-macos-arm64 | 2.0.3 | 32.00 | 32.00 | 64.00 | NOTE | |
| r-oldrel-macos-x86_64 | 2.0.3 | 29.00 | 68.00 | 97.00 | NOTE | |
| r-oldrel-windows-x86_64 | 2.0.3 | 262.00 | 162.00 | 424.00 | OK |
Version: 2.0.3
Check: installed package size
Result: NOTE
installed size is 13.3Mb
sub-directories of 1Mb or more:
libs 12.0Mb
Flavors: r-oldrel-macos-arm64, r-oldrel-macos-x86_64
These binaries (installable software) and packages are in development.
They may not be fully stable and should be used with caution. We make no claims about them.