Last updated on 2025-07-27 01:48:27 CEST.
Flavor | Version | Tinstall | Tcheck | Ttotal | Status | Flags |
---|---|---|---|---|---|---|
r-devel-linux-x86_64-debian-clang | 2.0.3 | 182.94 | 88.92 | 271.86 | OK | |
r-devel-linux-x86_64-debian-gcc | 2.0.3 | 130.07 | 66.73 | 196.80 | OK | |
r-devel-linux-x86_64-fedora-clang | 2.0.3 | 521.88 | OK | |||
r-devel-linux-x86_64-fedora-gcc | 2.0.3 | 469.03 | OK | |||
r-devel-windows-x86_64 | 2.0.3 | 223.00 | 148.00 | 371.00 | OK | |
r-patched-linux-x86_64 | 2.0.3 | 175.32 | 81.89 | 257.21 | OK | |
r-release-linux-x86_64 | 2.0.3 | 180.68 | 81.44 | 262.12 | OK | |
r-release-macos-arm64 | 2.0.3 | 110.00 | OK | |||
r-release-macos-x86_64 | 2.0.3 | 182.00 | OK | |||
r-release-windows-x86_64 | 2.0.3 | 217.00 | 127.00 | 344.00 | OK | |
r-oldrel-macos-arm64 | 2.0.3 | 64.00 | NOTE | |||
r-oldrel-macos-x86_64 | 2.0.3 | 97.00 | NOTE | |||
r-oldrel-windows-x86_64 | 2.0.3 | 257.00 | 158.00 | 415.00 | OK |
Version: 2.0.3
Check: installed package size
Result: NOTE
installed size is 13.3Mb
sub-directories of 1Mb or more:
libs 12.0Mb
Flavors: r-oldrel-macos-arm64, r-oldrel-macos-x86_64
These binaries (installable software) and packages are in development.
They may not be fully stable and should be used with caution. We make no claims about them.