Last updated on 2024-07-27 15:50:27 CEST.
Flavor | Version | Tinstall | Tcheck | Ttotal | Status | Flags |
---|---|---|---|---|---|---|
r-devel-linux-x86_64-debian-clang | 2.0.3 | 257.97 | 105.69 | 363.66 | OK | |
r-devel-linux-x86_64-debian-gcc | 2.0.3 | OK | ||||
r-devel-linux-x86_64-fedora-clang | 2.0.3 | 673.41 | OK | |||
r-devel-linux-x86_64-fedora-gcc | 2.0.3 | 545.11 | OK | |||
r-devel-windows-x86_64 | 2.0.3 | 210.00 | 127.00 | 337.00 | OK | |
r-patched-linux-x86_64 | 2.0.3 | OK | ||||
r-release-linux-x86_64 | 2.0.3 | 154.67 | 103.15 | 257.82 | OK | |
r-release-macos-arm64 | 2.0.3 | 137.00 | NOTE | |||
r-release-macos-x86_64 | 2.0.3 | 128.00 | NOTE | |||
r-release-windows-x86_64 | 2.0.3 | 253.00 | 130.00 | 383.00 | OK | |
r-oldrel-macos-arm64 | 2.0.3 | 124.00 | NOTE | |||
r-oldrel-macos-x86_64 | 2.0.3 | 181.00 | NOTE | |||
r-oldrel-windows-x86_64 | 2.0.3 | 243.00 | 150.00 | 393.00 | OK |
Version: 2.0.3
Check: installed package size
Result: NOTE
installed size is 13.2Mb
sub-directories of 1Mb or more:
libs 11.9Mb
Flavors: r-release-macos-arm64, r-release-macos-x86_64, r-oldrel-macos-arm64, r-oldrel-macos-x86_64
These binaries (installable software) and packages are in development.
They may not be fully stable and should be used with caution. We make no claims about them.