Last updated on 2025-10-03 07:49:48 CEST.
Flavor | Version | Tinstall | Tcheck | Ttotal | Status | Flags |
---|---|---|---|---|---|---|
r-devel-linux-x86_64-debian-clang | 2.0.3 | 184.41 | 95.89 | 280.30 | OK | |
r-devel-linux-x86_64-debian-gcc | 2.0.3 | 115.04 | 68.40 | 183.44 | OK | |
r-devel-linux-x86_64-fedora-clang | 2.0.3 | 594.72 | OK | |||
r-devel-linux-x86_64-fedora-gcc | 2.0.3 | 515.08 | OK | |||
r-devel-windows-x86_64 | 2.0.3 | 233.00 | 131.00 | 364.00 | OK | |
r-patched-linux-x86_64 | 2.0.3 | 180.27 | 89.09 | 269.36 | OK | |
r-release-linux-x86_64 | 2.0.3 | 172.11 | 89.19 | 261.30 | OK | |
r-release-macos-arm64 | 2.0.3 | 110.00 | OK | |||
r-release-macos-x86_64 | 2.0.3 | 182.00 | OK | |||
r-release-windows-x86_64 | 2.0.3 | 220.00 | 130.00 | 350.00 | OK | |
r-oldrel-macos-arm64 | 2.0.3 | 64.00 | NOTE | |||
r-oldrel-macos-x86_64 | 2.0.3 | 97.00 | NOTE | |||
r-oldrel-windows-x86_64 | 2.0.3 | 260.00 | 170.00 | 430.00 | OK |
Version: 2.0.3
Check: installed package size
Result: NOTE
installed size is 13.3Mb
sub-directories of 1Mb or more:
libs 12.0Mb
Flavors: r-oldrel-macos-arm64, r-oldrel-macos-x86_64
These binaries (installable software) and packages are in development.
They may not be fully stable and should be used with caution. We make no claims about them.