Last updated on 2024-07-27 15:50:27 CEST.
Flavor | Version | Tinstall | Tcheck | Ttotal | Status | Flags |
---|---|---|---|---|---|---|
r-devel-linux-x86_64-debian-clang | 0.1-10 | 4.23 | 226.70 | 230.93 | OK | |
r-devel-linux-x86_64-debian-gcc | 0.1-10 | OK | ||||
r-devel-linux-x86_64-fedora-clang | 0.1-10 | 271.64 | NOTE | |||
r-devel-linux-x86_64-fedora-gcc | 0.1-10 | 257.92 | OK | |||
r-devel-windows-x86_64 | 0.1-10 | 5.00 | 179.00 | 184.00 | OK | |
r-patched-linux-x86_64 | 0.1-10 | OK | ||||
r-release-linux-x86_64 | 0.1-10 | 3.74 | 220.41 | 224.15 | OK | |
r-release-macos-arm64 | 0.1-10 | 69.00 | OK | |||
r-release-macos-x86_64 | 0.1-10 | 118.00 | OK | |||
r-release-windows-x86_64 | 0.1-10 | 5.00 | 178.00 | 183.00 | OK | |
r-oldrel-macos-arm64 | 0.1-10 | 76.00 | OK | |||
r-oldrel-macos-x86_64 | 0.1-10 | 151.00 | NOTE | |||
r-oldrel-windows-x86_64 | 0.1-10 | 6.00 | 232.00 | 238.00 | OK |
Version: 0.1-10
Check: Rd cross-references
Result: NOTE
Undeclared package ‘sampleSelection’ in Rd xrefs
Flavor: r-devel-linux-x86_64-fedora-clang
Version: 0.1-10
Check: Rd cross-references
Result: NOTE
Package unavailable to check Rd xrefs: ‘sampleSelection’
Flavor: r-oldrel-macos-x86_64
These binaries (installable software) and packages are in development.
They may not be fully stable and should be used with caution. We make no claims about them.