Last updated on 2025-05-01 14:49:16 CEST.
Flavor | Version | Tinstall | Tcheck | Ttotal | Status | Flags |
---|---|---|---|---|---|---|
r-devel-linux-x86_64-debian-clang | 1.0-8 | 2.79 | 35.84 | 38.63 | NOTE | |
r-devel-linux-x86_64-debian-gcc | 1.0-8 | 2.14 | 27.23 | 29.37 | NOTE | |
r-devel-linux-x86_64-fedora-clang | 1.0-8 | 58.98 | OK | |||
r-devel-linux-x86_64-fedora-gcc | 1.0-8 | 69.14 | OK | |||
r-devel-windows-x86_64 | 1.0-8 | 4.00 | 54.00 | 58.00 | OK | |
r-patched-linux-x86_64 | 1.0-8 | 2.59 | 33.05 | 35.64 | NOTE | |
r-release-linux-x86_64 | NOTE | |||||
r-release-macos-arm64 | 1.0-8 | 30.00 | OK | |||
r-release-macos-x86_64 | 1.0-8 | 50.00 | OK | |||
r-release-windows-x86_64 | 1.0-8 | 4.00 | 54.00 | 58.00 | OK | |
r-oldrel-macos-arm64 | 1.0-8 | 42.00 | OK | |||
r-oldrel-macos-x86_64 | 1.0-8 | 42.00 | OK | |||
r-oldrel-windows-x86_64 | 1.0-8 | 5.00 | 63.00 | 68.00 | OK |
Version: 1.0-8
Check: CRAN incoming feasibility
Result: NOTE
Maintainer: ‘Constantin Weiser <constantin.weiser@gmail.com>’
No Authors@R field in DESCRIPTION.
Please add one, modifying
Authors@R: person(given = "Constantin",
family = "Weiser",
role = c("aut", "cre"),
email = "constantin.weiser@gmail.com",
comment = "University Mainz / Germany")
as necessary.
Flavors: r-devel-linux-x86_64-debian-clang, r-devel-linux-x86_64-debian-gcc
Version: 1.0-8
Check: for unstated dependencies in ‘demo’
Result: NOTE
'library' or 'require' call not declared from: ‘mvtnorm’
Flavors: r-devel-linux-x86_64-debian-clang, r-devel-linux-x86_64-debian-gcc, r-patched-linux-x86_64, r-release-linux-x86_64
These binaries (installable software) and packages are in development.
They may not be fully stable and should be used with caution. We make no claims about them.