Last updated on 2025-02-16 08:50:55 CET.
Flavor | Version | Tinstall | Tcheck | Ttotal | Status | Flags |
---|---|---|---|---|---|---|
r-devel-linux-x86_64-debian-clang | 2.7.6 | 29.17 | 214.92 | 244.09 | NOTE | |
r-devel-linux-x86_64-debian-gcc | 2.7.6 | 20.10 | 143.11 | 163.21 | NOTE | |
r-devel-linux-x86_64-fedora-clang | 2.7.6 | 401.30 | OK | |||
r-devel-linux-x86_64-fedora-gcc | 2.7.6 | 380.49 | OK | |||
r-devel-macos-arm64 | 2.7.6 | 112.00 | OK | |||
r-devel-macos-x86_64 | 2.7.6 | 278.00 | OK | |||
r-devel-windows-x86_64 | 2.7.6 | 29.00 | 181.00 | 210.00 | NOTE | |
r-patched-linux-x86_64 | 2.7.6 | 34.05 | 193.63 | 227.68 | OK | |
r-release-linux-x86_64 | 2.7.6 | 28.34 | 193.06 | 221.40 | OK | |
r-release-macos-arm64 | 2.7.6 | 94.00 | OK | |||
r-release-macos-x86_64 | 2.7.6 | 190.00 | OK | |||
r-release-windows-x86_64 | 2.7.6 | 29.00 | 177.00 | 206.00 | OK | |
r-oldrel-macos-arm64 | 2.7.6 | 93.00 | OK | |||
r-oldrel-macos-x86_64 | 2.7.6 | 317.00 | OK | |||
r-oldrel-windows-x86_64 | 2.7.6 | 38.00 | 227.00 | 265.00 | OK |
Version: 2.7.6
Check: Rd cross-references
Result: NOTE
Found the following Rd file(s) with Rd \link{} targets missing package
anchors:
phyltree_paths.Rd: ape
Please provide package anchors for all Rd \link{} targets not in the
package itself and the base packages.
Flavors: r-devel-linux-x86_64-debian-clang, r-devel-linux-x86_64-debian-gcc, r-devel-windows-x86_64
These binaries (installable software) and packages are in development.
They may not be fully stable and should be used with caution. We make no claims about them.