CRAN Package Check Results for Package mvdalab

Last updated on 2025-07-02 01:51:44 CEST.

Flavor Version Tinstall Tcheck Ttotal Status Flags
r-devel-linux-x86_64-debian-clang 1.7 17.55 147.31 164.86 NOTE
r-devel-linux-x86_64-debian-gcc 1.7 10.71 99.76 110.47 NOTE
r-devel-linux-x86_64-fedora-clang 1.7 251.69 OK
r-devel-linux-x86_64-fedora-gcc 1.7 237.73 OK
r-devel-windows-x86_64 1.7 21.00 164.00 185.00 OK
r-patched-linux-x86_64 OK
r-release-linux-x86_64 1.7 16.27 137.46 153.73 OK
r-release-macos-arm64 1.7 58.00 OK
r-release-macos-x86_64 1.7 123.00 OK
r-release-windows-x86_64 1.7 17.00 160.00 177.00 OK
r-oldrel-macos-arm64 1.7 64.00 OK
r-oldrel-macos-x86_64 1.7 94.00 OK
r-oldrel-windows-x86_64 1.7 24.00 206.00 230.00 OK

Check Details

Version: 1.7
Check: CRAN incoming feasibility
Result: NOTE Maintainer: ‘Nelson Lee Afanador <nelson.afanador@gmail.com>’ No Authors@R field in DESCRIPTION. Please add one, modifying Authors@R: c(person(given = c("Nelson", "Lee"), family = "Afanador", role = c("aut", "cre"), email = "nelson.afanador@gmail.com"), person(given = "Thanh", family = "Tran", role = "aut"), person(given = "Lionel", family = "Blanchet", role = "aut"), person(given = "Richard", family = "Baumgartner", role = "aut")) as necessary. Flavors: r-devel-linux-x86_64-debian-clang, r-devel-linux-x86_64-debian-gcc

These binaries (installable software) and packages are in development.
They may not be fully stable and should be used with caution. We make no claims about them.