Last updated on 2024-07-27 15:50:27 CEST.
Flavor | Version | Tinstall | Tcheck | Ttotal | Status | Flags |
---|---|---|---|---|---|---|
r-devel-linux-x86_64-debian-clang | 0.1.0 | 14.85 | 146.94 | 161.79 | NOTE | |
r-devel-linux-x86_64-debian-gcc | 0.1.0 | NOTE | ||||
r-devel-linux-x86_64-fedora-clang | 0.1.0 | 214.71 | NOTE | |||
r-devel-linux-x86_64-fedora-gcc | 0.1.0 | 205.30 | NOTE | |||
r-devel-windows-x86_64 | 0.1.0 | 13.00 | 122.00 | 135.00 | NOTE | |
r-patched-linux-x86_64 | 0.1.0 | NOTE | ||||
r-release-linux-x86_64 | 0.1.0 | 9.11 | 138.12 | 147.23 | NOTE | |
r-release-macos-arm64 | 0.1.0 | 69.00 | NOTE | |||
r-release-macos-x86_64 | 0.1.0 | 103.00 | NOTE | |||
r-release-windows-x86_64 | 0.1.0 | 14.00 | 125.00 | 139.00 | NOTE | |
r-oldrel-macos-arm64 | 0.1.0 | 67.00 | OK | |||
r-oldrel-macos-x86_64 | 0.1.0 | 102.00 | OK | |||
r-oldrel-windows-x86_64 | 0.1.0 | 19.00 | 154.00 | 173.00 | OK |
Version: 0.1.0
Check: Rd files
Result: NOTE
checkRd: (-1) hurricane.Rd:47-48: Lost braces
47 | \doi{10.1073/pnas.1402786111}{Female hurricanes are
| ^
checkRd: (-1) hurricane.Rd:55: Lost braces
55 | \doi{10.1038/s41562-020-0912-z}{Specification curve analysis}
| ^
checkRd: (-1) soccer.Rd:67: Lost braces; missing escapes or markup?
67 | {rater1} and {rater2}, and the 5-point scale values were
| ^
checkRd: (-1) soccer.Rd:67: Lost braces; missing escapes or markup?
67 | {rater1} and {rater2}, and the 5-point scale values were
| ^
Flavors: r-devel-linux-x86_64-debian-clang, r-devel-linux-x86_64-debian-gcc, r-devel-linux-x86_64-fedora-clang, r-devel-linux-x86_64-fedora-gcc, r-devel-windows-x86_64, r-patched-linux-x86_64, r-release-linux-x86_64, r-release-macos-arm64, r-release-macos-x86_64, r-release-windows-x86_64
These binaries (installable software) and packages are in development.
They may not be fully stable and should be used with caution. We make no claims about them.