Last updated on 2025-05-08 04:52:12 CEST.
Flavor | Version | Tinstall | Tcheck | Ttotal | Status | Flags |
---|---|---|---|---|---|---|
r-devel-linux-x86_64-debian-clang | 1.1.51 | 82.98 | 311.15 | 394.13 | OK | |
r-devel-linux-x86_64-debian-gcc | 1.1.51 | 63.25 | 222.60 | 285.85 | OK | |
r-devel-linux-x86_64-fedora-clang | 1.1.51 | 688.11 | OK | |||
r-devel-linux-x86_64-fedora-gcc | 1.1.51 | 655.25 | OK | |||
r-devel-windows-x86_64 | 1.1.51 | 88.00 | 311.00 | 399.00 | OK | |
r-patched-linux-x86_64 | 1.1.51 | 82.11 | 301.58 | 383.69 | OK | |
r-release-linux-x86_64 | 1.1.51 | 80.95 | 305.35 | 386.30 | OK | |
r-release-macos-arm64 | 1.1.51 | 164.00 | OK | |||
r-release-macos-x86_64 | 1.1.51 | 437.00 | OK | |||
r-release-windows-x86_64 | 1.1.51 | 83.00 | 307.00 | 390.00 | OK | |
r-oldrel-macos-arm64 | 1.1.51 | 187.00 | NOTE | |||
r-oldrel-macos-x86_64 | 1.1.51 | 474.00 | NOTE | |||
r-oldrel-windows-x86_64 | 1.1.51 | 111.00 | 404.00 | 515.00 | NOTE |
Version: 1.1.51
Check: package dependencies
Result: NOTE
Package suggested but not available for checking: ‘cmdstanr’
Flavors: r-oldrel-macos-arm64, r-oldrel-macos-x86_64, r-oldrel-windows-x86_64
Version: 1.1.51
Check: installed package size
Result: NOTE
installed size is 13.6Mb
sub-directories of 1Mb or more:
R 9.1Mb
doc 2.0Mb
libs 1.8Mb
Flavors: r-oldrel-macos-arm64, r-oldrel-macos-x86_64, r-oldrel-windows-x86_64
These binaries (installable software) and packages are in development.
They may not be fully stable and should be used with caution. We make no claims about them.