Last updated on 2025-10-24 13:49:43 CEST.
| Flavor | Version | Tinstall | Tcheck | Ttotal | Status | Flags |
|---|---|---|---|---|---|---|
| r-devel-linux-x86_64-debian-clang | 1.1.593 | 86.86 | 344.04 | 430.90 | OK | |
| r-devel-linux-x86_64-debian-gcc | 1.1.593 | 57.29 | 237.14 | 294.43 | OK | |
| r-devel-linux-x86_64-fedora-clang | 1.1.593 | 476.00 | 259.11 | 735.11 | OK | |
| r-devel-linux-x86_64-fedora-gcc | 1.1.593 | 395.00 | 299.28 | 694.28 | OK | |
| r-devel-windows-x86_64 | 1.1.593 | 89.00 | 331.00 | 420.00 | OK | |
| r-patched-linux-x86_64 | 1.1.593 | 85.29 | 332.15 | 417.44 | OK | |
| r-release-linux-x86_64 | 1.1.593 | 84.31 | 329.26 | 413.57 | OK | |
| r-release-macos-arm64 | 1.1.593 | 45.00 | 123.00 | 168.00 | OK | |
| r-release-macos-x86_64 | 1.1.593 | 83.00 | 295.00 | 378.00 | OK | |
| r-release-windows-x86_64 | 1.1.593 | 86.00 | 337.00 | 423.00 | OK | |
| r-oldrel-macos-arm64 | 1.1.593 | 41.00 | 126.00 | 167.00 | NOTE | |
| r-oldrel-macos-x86_64 | 1.1.593 | 82.00 | 277.00 | 359.00 | NOTE | |
| r-oldrel-windows-x86_64 | 1.1.593 | 113.00 | 434.00 | 547.00 | NOTE |
Version: 1.1.593
Check: package dependencies
Result: NOTE
Package suggested but not available for checking: ‘cmdstanr’
Flavors: r-oldrel-macos-arm64, r-oldrel-macos-x86_64, r-oldrel-windows-x86_64
Version: 1.1.593
Check: installed package size
Result: NOTE
installed size is 13.6Mb
sub-directories of 1Mb or more:
R 9.0Mb
doc 2.0Mb
libs 1.8Mb
Flavors: r-oldrel-macos-arm64, r-oldrel-macos-x86_64, r-oldrel-windows-x86_64
These binaries (installable software) and packages are in development.
They may not be fully stable and should be used with caution. We make no claims about them.