Last updated on 2025-07-02 03:50:46 CEST.
Flavor | Version | Tinstall | Tcheck | Ttotal | Status | Flags |
---|---|---|---|---|---|---|
r-devel-linux-x86_64-debian-clang | 1.1.51 | 87.32 | 317.29 | 404.61 | OK | |
r-devel-linux-x86_64-debian-gcc | 1.1.51 | 58.27 | 222.02 | 280.29 | OK | |
r-devel-linux-x86_64-fedora-clang | 1.1.51 | 662.50 | OK | |||
r-devel-linux-x86_64-fedora-gcc | 1.1.51 | 625.62 | OK | |||
r-devel-windows-x86_64 | 1.1.51 | 88.00 | 318.00 | 406.00 | OK | |
r-patched-linux-x86_64 | OK | |||||
r-release-linux-x86_64 | 1.1.51 | 77.39 | 303.36 | 380.75 | OK | |
r-release-macos-arm64 | 1.1.51 | 164.00 | OK | |||
r-release-macos-x86_64 | 1.1.51 | 437.00 | OK | |||
r-release-windows-x86_64 | 1.1.51 | 86.00 | 320.00 | 406.00 | OK | |
r-oldrel-macos-arm64 | 1.1.51 | 187.00 | NOTE | |||
r-oldrel-macos-x86_64 | 1.1.51 | 474.00 | NOTE | |||
r-oldrel-windows-x86_64 | 1.1.51 | 109.00 | 402.00 | 511.00 | NOTE |
Version: 1.1.51
Check: package dependencies
Result: NOTE
Package suggested but not available for checking: ‘cmdstanr’
Flavors: r-oldrel-macos-arm64, r-oldrel-macos-x86_64, r-oldrel-windows-x86_64
Version: 1.1.51
Check: installed package size
Result: NOTE
installed size is 13.6Mb
sub-directories of 1Mb or more:
R 9.1Mb
doc 2.0Mb
libs 1.8Mb
Flavors: r-oldrel-macos-arm64, r-oldrel-macos-x86_64, r-oldrel-windows-x86_64
These binaries (installable software) and packages are in development.
They may not be fully stable and should be used with caution. We make no claims about them.